

{"id":69096,"date":"2021-05-24T12:57:16","date_gmt":"2021-05-24T10:57:16","guid":{"rendered":"https:\/\/www.mundoprimaria.com\/tienda\/?post_type=product&#038;p=69096"},"modified":"2024-03-01T09:19:07","modified_gmt":"2024-03-01T08:19:07","slug":"vacaciones-3","status":"publish","type":"product","link":"https:\/\/www.mundoprimaria.com\/tienda\/producto\/vacaciones-3","title":{"rendered":"Estimular y aprender en vacaciones 3 a\u00f1os"},"content":{"rendered":"<h3><strong>Destinatarios<\/strong><\/h3>\n<ul>\n<li>El cuaderno est\u00e1 dise\u00f1ado principalmente para las familias de ni\u00f1os que han concluido el primer curso de Educaci\u00f3n Infantil, 3 a\u00f1os.<\/li>\n<li>Tambi\u00e9n puede emplearse con ni\u00f1os y ni\u00f1as de m\u00e1s edad si los contenidos se adaptan mejor a sus necesidades educativas.<\/li>\n<\/ul>\n<h3><strong>Qu\u00e9 aspectos se trabajan<\/strong><\/h3>\n<ul>\n<li>La atenci\u00f3n.<\/li>\n<li>El razonamiento l\u00f3gico.<\/li>\n<li>La numeraci\u00f3n del 1 al 3.<\/li>\n<li>La orientaci\u00f3n espacial.<\/li>\n<li>La grafomotricidad, en trazos horizontales, verticales, diagonales y su combinaci\u00f3n.<\/li>\n<li>La escritura de los n\u00fameros 1 al 3 y vocales.<\/li>\n<\/ul>\n<h3><strong>Fichas y tareas<\/strong><\/h3>\n<ul>\n<li>60 fichas preparadas para ser utilizadas.<\/li>\n<li>Encontrar los dibujos iguales al modelo, unir dibujos siguiendo un orden y completar c\u00f3digos.<\/li>\n<li>Laberintos<\/li>\n<li>Continuar series l\u00f3gicas y encontrar el dibujo intruso.<\/li>\n<li>Asociar parejas de dibujos por similitud l\u00f3gica y completar matrices de dibujos<\/li>\n<li>Unir conjuntos con el mismo n\u00famero de elementos y asociar d\u00edgito a cantidad: del 1 al 3.<\/li>\n<li>Reproducir estructuras con palitos de colores y tareas de figura fondo.<\/li>\n<li>Se\u00f1alar la direcci\u00f3n a la que miran los dibujos.<\/li>\n<li>Trazado de l\u00edneas horizontales, verticales y oblicuas.<\/li>\n<li>Repaso de la escritura de los n\u00fameros, 1, 2 y 3 y las vocales en may\u00fascula.<\/li>\n<\/ul>\n","protected":false},"excerpt":{"rendered":"<p><strong>Somos los padres de Irene, una ni\u00f1a de 3 a\u00f1os. Buscamos un material pedag\u00f3gico para reforzar durante las vacaciones otros aprendizajes diferentes a lo que ha trabajado durante el curso: razonamiento l\u00f3gico, atenci\u00f3n, orientaci\u00f3n espacial\u2026y que est\u00e9 elaborado por un especialista. <\/strong><\/p>\n<p>En este cuaderno encontrar\u00e1s actividades elaboradas con criterio pedag\u00f3gico, variadas y atractivas para reforzar algunas competencias y funciones cognitivas durante las vacaciones, como son la atenci\u00f3n, el razonamiento l\u00f3gico o la orientaci\u00f3n espacial.<\/p>\n","protected":false},"featured_media":69060,"comment_status":"closed","ping_status":"closed","template":"","meta":{"_acf_changed":false,"_monsterinsights_skip_tracking":false,"_monsterinsights_sitenote_active":false,"_monsterinsights_sitenote_note":"","_monsterinsights_sitenote_category":0},"product_cat":[834],"product_tag":[680],"class_list":{"0":"post-69096","1":"product","2":"type-product","3":"status-publish","4":"has-post-thumbnail","6":"product_cat-eya-vacaciones","7":"product_tag-estimular-y-aprender","8":"product_shipping_class-mensajeria","10":"first","11":"instock","12":"taxable","13":"shipping-taxable","14":"purchasable","15":"product-type-simple"},"acf":[],"yoast_head":"<!-- This site is optimized with the Yoast SEO plugin v24.2 - https:\/\/yoast.com\/wordpress\/plugins\/seo\/ -->\n<title>Estimular y aprender en vacaciones 3 a\u00f1os - Tienda Mundo Primaria<\/title>\n<meta name=\"robots\" content=\"noindex, follow\" \/>\n<meta property=\"og:locale\" content=\"es_ES\" \/>\n<meta property=\"og:type\" content=\"article\" \/>\n<meta property=\"og:title\" content=\"Estimular y aprender en vacaciones 3 a\u00f1os - Tienda Mundo Primaria\" \/>\n<meta property=\"og:description\" content=\"Somos los padres de Irene, una ni\u00f1a de 3 a\u00f1os. Buscamos un material pedag\u00f3gico para reforzar durante las vacaciones otros aprendizajes diferentes a lo que ha trabajado durante el curso: razonamiento l\u00f3gico, atenci\u00f3n, orientaci\u00f3n espacial\u2026y que est\u00e9 elaborado por un especialista.   En este cuaderno encontrar\u00e1s actividades elaboradas con criterio pedag\u00f3gico, variadas y atractivas para reforzar algunas competencias y funciones cognitivas durante las vacaciones, como son la atenci\u00f3n, el razonamiento l\u00f3gico o la orientaci\u00f3n espacial.\" \/>\n<meta property=\"og:url\" content=\"https:\/\/www.mundoprimaria.com\/tienda\/producto\/vacaciones-3\" \/>\n<meta property=\"og:site_name\" content=\"Tienda Mundo Primaria\" \/>\n<meta property=\"article:modified_time\" content=\"2024-03-01T08:19:07+00:00\" \/>\n<meta property=\"og:image\" content=\"https:\/\/www.mundoprimaria.com\/tienda\/wp-content\/uploads\/2021\/05\/min_3.png\" \/>\n\t<meta property=\"og:image:width\" content=\"460\" \/>\n\t<meta property=\"og:image:height\" content=\"460\" \/>\n\t<meta property=\"og:image:type\" content=\"image\/png\" \/>\n<meta name=\"twitter:label1\" content=\"Tiempo de lectura\" \/>\n\t<meta name=\"twitter:data1\" content=\"1 minuto\" \/>\n<script type=\"application\/ld+json\" class=\"yoast-schema-graph\">{\"@context\":\"https:\/\/schema.org\",\"@graph\":[{\"@type\":\"WebPage\",\"@id\":\"https:\/\/www.mundoprimaria.com\/tienda\/producto\/vacaciones-3\",\"url\":\"https:\/\/www.mundoprimaria.com\/tienda\/producto\/vacaciones-3\",\"name\":\"Estimular y aprender en vacaciones 3 a\u00f1os - Tienda Mundo Primaria\",\"isPartOf\":{\"@id\":\"https:\/\/www.mundoprimaria.com\/tienda\/#website\"},\"primaryImageOfPage\":{\"@id\":\"https:\/\/www.mundoprimaria.com\/tienda\/producto\/vacaciones-3#primaryimage\"},\"image\":{\"@id\":\"https:\/\/www.mundoprimaria.com\/tienda\/producto\/vacaciones-3#primaryimage\"},\"thumbnailUrl\":\"https:\/\/www.mundoprimaria.com\/tienda\/wp-content\/uploads\/2021\/05\/min_3.png\",\"datePublished\":\"2021-05-24T10:57:16+00:00\",\"dateModified\":\"2024-03-01T08:19:07+00:00\",\"breadcrumb\":{\"@id\":\"https:\/\/www.mundoprimaria.com\/tienda\/producto\/vacaciones-3#breadcrumb\"},\"inLanguage\":\"es\",\"potentialAction\":[{\"@type\":\"ReadAction\",\"target\":[\"https:\/\/www.mundoprimaria.com\/tienda\/producto\/vacaciones-3\"]}]},{\"@type\":\"ImageObject\",\"inLanguage\":\"es\",\"@id\":\"https:\/\/www.mundoprimaria.com\/tienda\/producto\/vacaciones-3#primaryimage\",\"url\":\"https:\/\/www.mundoprimaria.com\/tienda\/wp-content\/uploads\/2021\/05\/min_3.png\",\"contentUrl\":\"https:\/\/www.mundoprimaria.com\/tienda\/wp-content\/uploads\/2021\/05\/min_3.png\",\"width\":460,\"height\":460},{\"@type\":\"BreadcrumbList\",\"@id\":\"https:\/\/www.mundoprimaria.com\/tienda\/producto\/vacaciones-3#breadcrumb\",\"itemListElement\":[{\"@type\":\"ListItem\",\"position\":1,\"name\":\"Portada\",\"item\":\"https:\/\/www.mundoprimaria.com\/tienda\/\"},{\"@type\":\"ListItem\",\"position\":2,\"name\":\"Productos\",\"item\":\"https:\/\/www.mundoprimaria.com\/tienda\/shop\"},{\"@type\":\"ListItem\",\"position\":3,\"name\":\"Estimular y aprender en vacaciones 3 a\u00f1os\"}]},{\"@type\":\"WebSite\",\"@id\":\"https:\/\/www.mundoprimaria.com\/tienda\/#website\",\"url\":\"https:\/\/www.mundoprimaria.com\/tienda\/\",\"name\":\"Tienda Mundo Primaria\",\"description\":\"El portal para aprender jugando.\",\"potentialAction\":[{\"@type\":\"SearchAction\",\"target\":{\"@type\":\"EntryPoint\",\"urlTemplate\":\"https:\/\/www.mundoprimaria.com\/tienda\/?s={search_term_string}\"},\"query-input\":{\"@type\":\"PropertyValueSpecification\",\"valueRequired\":true,\"valueName\":\"search_term_string\"}}],\"inLanguage\":\"es\"}]}<\/script>\n<!-- \/ Yoast SEO plugin. -->","yoast_head_json":{"title":"Estimular y aprender en vacaciones 3 a\u00f1os - Tienda Mundo Primaria","robots":{"index":"noindex","follow":"follow"},"og_locale":"es_ES","og_type":"article","og_title":"Estimular y aprender en vacaciones 3 a\u00f1os - Tienda Mundo Primaria","og_description":"Somos los padres de Irene, una ni\u00f1a de 3 a\u00f1os. Buscamos un material pedag\u00f3gico para reforzar durante las vacaciones otros aprendizajes diferentes a lo que ha trabajado durante el curso: razonamiento l\u00f3gico, atenci\u00f3n, orientaci\u00f3n espacial\u2026y que est\u00e9 elaborado por un especialista.   En este cuaderno encontrar\u00e1s actividades elaboradas con criterio pedag\u00f3gico, variadas y atractivas para reforzar algunas competencias y funciones cognitivas durante las vacaciones, como son la atenci\u00f3n, el razonamiento l\u00f3gico o la orientaci\u00f3n espacial.","og_url":"https:\/\/www.mundoprimaria.com\/tienda\/producto\/vacaciones-3","og_site_name":"Tienda Mundo Primaria","article_modified_time":"2024-03-01T08:19:07+00:00","og_image":[{"width":460,"height":460,"url":"https:\/\/www.mundoprimaria.com\/tienda\/wp-content\/uploads\/2021\/05\/min_3.png","type":"image\/png"}],"twitter_misc":{"Tiempo de lectura":"1 minuto"},"schema":{"@context":"https:\/\/schema.org","@graph":[{"@type":"WebPage","@id":"https:\/\/www.mundoprimaria.com\/tienda\/producto\/vacaciones-3","url":"https:\/\/www.mundoprimaria.com\/tienda\/producto\/vacaciones-3","name":"Estimular y aprender en vacaciones 3 a\u00f1os - Tienda Mundo Primaria","isPartOf":{"@id":"https:\/\/www.mundoprimaria.com\/tienda\/#website"},"primaryImageOfPage":{"@id":"https:\/\/www.mundoprimaria.com\/tienda\/producto\/vacaciones-3#primaryimage"},"image":{"@id":"https:\/\/www.mundoprimaria.com\/tienda\/producto\/vacaciones-3#primaryimage"},"thumbnailUrl":"https:\/\/www.mundoprimaria.com\/tienda\/wp-content\/uploads\/2021\/05\/min_3.png","datePublished":"2021-05-24T10:57:16+00:00","dateModified":"2024-03-01T08:19:07+00:00","breadcrumb":{"@id":"https:\/\/www.mundoprimaria.com\/tienda\/producto\/vacaciones-3#breadcrumb"},"inLanguage":"es","potentialAction":[{"@type":"ReadAction","target":["https:\/\/www.mundoprimaria.com\/tienda\/producto\/vacaciones-3"]}]},{"@type":"ImageObject","inLanguage":"es","@id":"https:\/\/www.mundoprimaria.com\/tienda\/producto\/vacaciones-3#primaryimage","url":"https:\/\/www.mundoprimaria.com\/tienda\/wp-content\/uploads\/2021\/05\/min_3.png","contentUrl":"https:\/\/www.mundoprimaria.com\/tienda\/wp-content\/uploads\/2021\/05\/min_3.png","width":460,"height":460},{"@type":"BreadcrumbList","@id":"https:\/\/www.mundoprimaria.com\/tienda\/producto\/vacaciones-3#breadcrumb","itemListElement":[{"@type":"ListItem","position":1,"name":"Portada","item":"https:\/\/www.mundoprimaria.com\/tienda\/"},{"@type":"ListItem","position":2,"name":"Productos","item":"https:\/\/www.mundoprimaria.com\/tienda\/shop"},{"@type":"ListItem","position":3,"name":"Estimular y aprender en vacaciones 3 a\u00f1os"}]},{"@type":"WebSite","@id":"https:\/\/www.mundoprimaria.com\/tienda\/#website","url":"https:\/\/www.mundoprimaria.com\/tienda\/","name":"Tienda Mundo Primaria","description":"El portal para aprender jugando.","potentialAction":[{"@type":"SearchAction","target":{"@type":"EntryPoint","urlTemplate":"https:\/\/www.mundoprimaria.com\/tienda\/?s={search_term_string}"},"query-input":{"@type":"PropertyValueSpecification","valueRequired":true,"valueName":"search_term_string"}}],"inLanguage":"es"}]}},"_links":{"self":[{"href":"https:\/\/www.mundoprimaria.com\/tienda\/wp-json\/wp\/v2\/product\/69096","targetHints":{"allow":["GET"]}}],"collection":[{"href":"https:\/\/www.mundoprimaria.com\/tienda\/wp-json\/wp\/v2\/product"}],"about":[{"href":"https:\/\/www.mundoprimaria.com\/tienda\/wp-json\/wp\/v2\/types\/product"}],"replies":[{"embeddable":true,"href":"https:\/\/www.mundoprimaria.com\/tienda\/wp-json\/wp\/v2\/comments?post=69096"}],"wp:featuredmedia":[{"embeddable":true,"href":"https:\/\/www.mundoprimaria.com\/tienda\/wp-json\/wp\/v2\/media\/69060"}],"wp:attachment":[{"href":"https:\/\/www.mundoprimaria.com\/tienda\/wp-json\/wp\/v2\/media?parent=69096"}],"wp:term":[{"taxonomy":"product_cat","embeddable":true,"href":"https:\/\/www.mundoprimaria.com\/tienda\/wp-json\/wp\/v2\/product_cat?post=69096"},{"taxonomy":"product_tag","embeddable":true,"href":"https:\/\/www.mundoprimaria.com\/tienda\/wp-json\/wp\/v2\/product_tag?post=69096"}],"curies":[{"name":"wp","href":"https:\/\/api.w.org\/{rel}","templated":true}]}}

Estimular y aprender en vacaciones 3 años

<h3><strong>Destinatarios</strong></h3>
<ul>
<li>El cuaderno está diseñado principalmente para las familias de niños que han concluido el primer curso de Educación Infantil, 3 años.</li>
<li>También puede emplearse con niños y niñas de más edad si los contenidos se adaptan mejor a sus necesidades educativas.</li>
</ul>
<h3><strong>Qué aspectos se trabajan</strong></h3>
<ul>
<li>La atención.</li>
<li>El razonamiento lógico.</li>
<li>La numeración del 1 al 3.</li>
<li>La orientación espacial.</li>
<li>La grafomotricidad, en trazos horizontales, verticales, diagonales y su combinación.</li>
<li>La escritura de los números 1 al 3 y vocales.</li>
</ul>
<h3><strong>Fichas y tareas</strong></h3>
<ul>
<li>60 fichas preparadas para ser utilizadas.</li>
<li>Encontrar los dibujos iguales al modelo, unir dibujos siguiendo un orden y completar códigos.</li>
<li>Laberintos</li>
<li>Continuar series lógicas y encontrar el dibujo intruso.</li>
<li>Asociar parejas de dibujos por similitud lógica y completar matrices de dibujos</li>
<li>Unir conjuntos con el mismo número de elementos y asociar dígito a cantidad: del 1 al 3.</li>
<li>Reproducir estructuras con palitos de colores y tareas de figura fondo.</li>
<li>Señalar la dirección a la que miran los dibujos.</li>
<li>Trazado de líneas horizontales, verticales y oblicuas.</li>
<li>Repaso de la escritura de los números, 1, 2 y 3 y las vocales en mayúscula.</li>
</ul>

<p><strong>Somos los padres de Irene, una niña de 3 años. Buscamos un material pedagógico para reforzar durante las vacaciones otros aprendizajes diferentes a lo que ha trabajado durante el curso: razonamiento lógico, atención, orientación espacial…y que esté elaborado por un especialista. </strong></p>
<p>En este cuaderno encontrarás actividades elaboradas con criterio pedagógico, variadas y atractivas para reforzar algunas competencias y funciones cognitivas durante las vacaciones, como son la atención, el razonamiento lógico o la orientación espacial.</p>

<!-- This site is optimized with the Yoast SEO plugin v24.2 - https://yoast.com/wordpress/plugins/seo/ -->
<title>Estimular y aprender en vacaciones 3 años - Tienda Mundo Primaria</title>
<meta name="robots" content="noindex, follow" />
<meta property="og:locale" content="es_ES" />
<meta property="og:type" content="article" />
<meta property="og:title" content="Estimular y aprender en vacaciones 3 años - Tienda Mundo Primaria" />
<meta property="og:description" content="Somos los padres de Irene, una niña de 3 años. Buscamos un material pedagógico para reforzar durante las vacaciones otros aprendizajes diferentes a lo que ha trabajado durante el curso: razonamiento lógico, atención, orientación espacial…y que esté elaborado por un especialista.   En este cuaderno encontrarás actividades elaboradas con criterio pedagógico, variadas y atractivas para reforzar algunas competencias y funciones cognitivas durante las vacaciones, como son la atención, el razonamiento lógico o la orientación espacial." />
<meta property="og:url" content="https://www.mundoprimaria.com/tienda/producto/vacaciones-3" />
<meta property="og:site_name" content="Tienda Mundo Primaria" />
<meta property="article:modified_time" content="2024-03-01T08:19:07+00:00" />
<meta property="og:image" content="https://www.mundoprimaria.com/tienda/wp-content/uploads/2021/05/min_3.png" />
	<meta property="og:image:width" content="460" />
	<meta property="og:image:height" content="460" />
	<meta property="og:image:type" content="image/png" />
<meta name="twitter:label1" content="Tiempo de lectura" />
	<meta name="twitter:data1" content="1 minuto" />
<script type="application/ld+json" class="yoast-schema-graph">{"@context":"https://schema.org","@graph":[{"@type":"WebPage","@id":"https://www.mundoprimaria.com/tienda/producto/vacaciones-3","url":"https://www.mundoprimaria.com/tienda/producto/vacaciones-3","name":"Estimular y aprender en vacaciones 3 años - Tienda Mundo Primaria","isPartOf":{"@id":"https://www.mundoprimaria.com/tienda/#website"},"primaryImageOfPage":{"@id":"https://www.mundoprimaria.com/tienda/producto/vacaciones-3#primaryimage"},"image":{"@id":"https://www.mundoprimaria.com/tienda/producto/vacaciones-3#primaryimage"},"thumbnailUrl":"https://www.mundoprimaria.com/tienda/wp-content/uploads/2021/05/min_3.png","datePublished":"2021-05-24T10:57:16+00:00","dateModified":"2024-03-01T08:19:07+00:00","breadcrumb":{"@id":"https://www.mundoprimaria.com/tienda/producto/vacaciones-3#breadcrumb"},"inLanguage":"es","potentialAction":[{"@type":"ReadAction","target":["https://www.mundoprimaria.com/tienda/producto/vacaciones-3"]}]},{"@type":"ImageObject","inLanguage":"es","@id":"https://www.mundoprimaria.com/tienda/producto/vacaciones-3#primaryimage","url":"https://www.mundoprimaria.com/tienda/wp-content/uploads/2021/05/min_3.png","contentUrl":"https://www.mundoprimaria.com/tienda/wp-content/uploads/2021/05/min_3.png","width":460,"height":460},{"@type":"BreadcrumbList","@id":"https://www.mundoprimaria.com/tienda/producto/vacaciones-3#breadcrumb","itemListElement":[{"@type":"ListItem","position":1,"name":"Portada","item":"https://www.mundoprimaria.com/tienda/"},{"@type":"ListItem","position":2,"name":"Productos","item":"https://www.mundoprimaria.com/tienda/shop"},{"@type":"ListItem","position":3,"name":"Estimular y aprender en vacaciones 3 años"}]},{"@type":"WebSite","@id":"https://www.mundoprimaria.com/tienda/#website","url":"https://www.mundoprimaria.com/tienda/","name":"Tienda Mundo Primaria","description":"El portal para aprender jugando.","potentialAction":[{"@type":"SearchAction","target":{"@type":"EntryPoint","urlTemplate":"https://www.mundoprimaria.com/tienda/?s={search_term_string}"},"query-input":{"@type":"PropertyValueSpecification","valueRequired":true,"valueName":"search_term_string"}}],"inLanguage":"es"}]}</script>
<!-- / Yoast SEO plugin. -->

Estimular y aprender en vacaciones 3 años - Tienda Mundo Primaria

Somos los padres de Irene, una niña de 3 años. Buscamos un material pedagógico para reforzar durante las vacaciones otros aprendizajes diferentes a lo que ha trabajado durante el curso: razonamiento lógico, atención, orientación espacial…y que esté elaborado por un especialista.   En este cuaderno encontrarás actividades elaboradas con criterio pedagógico, variadas y atractivas para reforzar algunas competencias y funciones cognitivas durante las vacaciones, como son la atención, el razonamiento lógico o la orientación espacial.
