

{"id":64354,"date":"2017-08-01T05:51:09","date_gmt":"2017-08-01T03:51:09","guid":{"rendered":"http:\/\/www.mundoprimaria.com\/tienda\/?post_type=product&#038;p=64354"},"modified":"2022-01-12T10:57:24","modified_gmt":"2022-01-12T09:57:24","slug":"sindrome-asperger","status":"publish","type":"product","link":"https:\/\/www.mundoprimaria.com\/tienda\/producto\/sindrome-asperger","title":{"rendered":"Mi hijo tiene S\u00edndrome de Asperger"},"content":{"rendered":"<p><span style=\"color: #000000;\">Orientaciones pr\u00e1cticas para los padres de ni\u00f1os con S\u00edndrome de Asperger.<\/span><\/p>\n<p>&nbsp;<\/p>\n<p><span style=\"color: #000000;\"><strong>Introducci\u00f3n<br \/>\n<\/strong>Introducci\u00f3n<br \/>\nPaciencia y cari\u00f1o<\/span><\/p>\n<p><strong>El diagn\u00f3stico<br \/>\n<\/strong>Un punto de partida<br \/>\n\u00bfQu\u00e9 es el s\u00edndrome de asperger?<br \/>\n\u00bfQui\u00e9n, c\u00f3mo y qu\u00e9 pruebas diagnostican el s\u00edndrome de asperger?<br \/>\nUn diagn\u00f3stico \u00bfpara qu\u00e9?<br \/>\n\u00bfQu\u00e9 pasos hay que dar para conseguir un diagn\u00f3stico?:<br \/>\nEl momento de la verdad: La informaci\u00f3n diagn\u00f3stica<\/p>\n<p><strong>Dificultades habituales en los ni\u00f1os con s\u00edndrome de Asperger<br \/>\n<\/strong>Problemas de atenci\u00f3n<br \/>\nTorpeza motora<br \/>\nDificultades de comunicaci\u00f3n<br \/>\nRutinas e inflexibilidad<br \/>\nIntereses restringidos<br \/>\nFunci\u00f3n ejecutiva<br \/>\nDificultades de relaci\u00f3n social<br \/>\nEscasa empat\u00eda<br \/>\nEl curr\u00edculo oculto<br \/>\nProblemas de autoestima<\/p>\n<p><strong>La intervenci\u00f3n<br \/>\n<\/strong>Introducci\u00f3n<br \/>\nIntegraci\u00f3n educativa<br \/>\nEl papel de la motivaci\u00f3n en la educaci\u00f3n<br \/>\nPrincipios gen\u00e9ricos en la intervenci\u00f3n\/educaci\u00f3n<\/p>\n<p><strong>Claves para ayudar en el desarrollo y el aprendizaje<br \/>\n<\/strong>Introducci\u00f3n<br \/>\nProblemas de atenci\u00f3n<br \/>\nTorpeza motora<br \/>\nDificultades de comunicaci\u00f3n<br \/>\nRutinas e inflexibilidad<br \/>\nIntereses restringidos<br \/>\nFunci\u00f3n ejecutiva<\/p>\n<p><strong>Dificultades de relaci\u00f3n social<br \/>\n<\/strong>Escasa empat\u00eda<br \/>\nEl curr\u00edculo oculto<br \/>\nProblemas de autoestima<\/p>\n<p><strong>Los padres preguntan<\/strong><\/p>\n<p><strong>Ap\u00e9ndice<br \/>\n<\/strong>El s\u00edndrome de Asperger seg\u00fan el DSM IV &#8211; R<br \/>\nEl s\u00edndrome de Asperger seg\u00fan el CIE-10<br \/>\nEl s\u00edndrome de Asperger seg\u00fan Peter Szatmari, R. Bremmer y J. Nacy (1989)<br \/>\nEl s\u00edndrome de Asperger seg\u00fan Christopher Gillberg (1998)<br \/>\nEl s\u00edndrome de Asperger seg\u00fan Lorna Wing (1998)<\/p>\n","protected":false},"excerpt":{"rendered":"<p>Orientaciones pr\u00e1cticas para los padres de ni\u00f1os con S\u00edndrome de Asperger.<\/p>\n","protected":false},"featured_media":64501,"comment_status":"closed","ping_status":"closed","template":"","meta":{"_acf_changed":false,"_monsterinsights_skip_tracking":false,"_monsterinsights_sitenote_active":false,"_monsterinsights_sitenote_note":"","_monsterinsights_sitenote_category":0},"product_cat":[353],"product_tag":[],"class_list":{"0":"post-64354","1":"product","2":"type-product","3":"status-publish","4":"has-post-thumbnail","6":"product_cat-escuela-de-padres","7":"product_shipping_class-mensajeria","9":"first","10":"instock","11":"taxable","12":"shipping-taxable","13":"purchasable","14":"product-type-simple"},"acf":[],"yoast_head":"<!-- This site is optimized with the Yoast SEO plugin v24.2 - https:\/\/yoast.com\/wordpress\/plugins\/seo\/ -->\n<title>Mi hijo tiene S\u00edndrome de Asperger - Tienda Mundo Primaria<\/title>\n<meta name=\"robots\" content=\"noindex, follow\" \/>\n<meta property=\"og:locale\" content=\"es_ES\" \/>\n<meta property=\"og:type\" content=\"article\" \/>\n<meta property=\"og:title\" content=\"Mi hijo tiene S\u00edndrome de Asperger - Tienda Mundo Primaria\" \/>\n<meta property=\"og:description\" content=\"Orientaciones pr\u00e1cticas para los padres de ni\u00f1os con S\u00edndrome de Asperger.\" \/>\n<meta property=\"og:url\" content=\"https:\/\/www.mundoprimaria.com\/tienda\/producto\/sindrome-asperger\" \/>\n<meta property=\"og:site_name\" content=\"Tienda Mundo Primaria\" \/>\n<meta property=\"article:modified_time\" content=\"2022-01-12T09:57:24+00:00\" \/>\n<meta property=\"og:image\" content=\"https:\/\/www.mundoprimaria.com\/tienda\/wp-content\/uploads\/2017\/08\/Asperger.jpg\" \/>\n\t<meta property=\"og:image:width\" content=\"460\" \/>\n\t<meta property=\"og:image:height\" content=\"460\" \/>\n\t<meta property=\"og:image:type\" content=\"image\/jpeg\" \/>\n<meta name=\"twitter:label1\" content=\"Tiempo de lectura\" \/>\n\t<meta name=\"twitter:data1\" content=\"1 minuto\" \/>\n<script type=\"application\/ld+json\" class=\"yoast-schema-graph\">{\"@context\":\"https:\/\/schema.org\",\"@graph\":[{\"@type\":\"WebPage\",\"@id\":\"https:\/\/www.mundoprimaria.com\/tienda\/producto\/sindrome-asperger\",\"url\":\"https:\/\/www.mundoprimaria.com\/tienda\/producto\/sindrome-asperger\",\"name\":\"Mi hijo tiene S\u00edndrome de Asperger - Tienda Mundo Primaria\",\"isPartOf\":{\"@id\":\"https:\/\/www.mundoprimaria.com\/tienda\/#website\"},\"primaryImageOfPage\":{\"@id\":\"https:\/\/www.mundoprimaria.com\/tienda\/producto\/sindrome-asperger#primaryimage\"},\"image\":{\"@id\":\"https:\/\/www.mundoprimaria.com\/tienda\/producto\/sindrome-asperger#primaryimage\"},\"thumbnailUrl\":\"https:\/\/www.mundoprimaria.com\/tienda\/wp-content\/uploads\/2017\/08\/Asperger.jpg\",\"datePublished\":\"2017-08-01T03:51:09+00:00\",\"dateModified\":\"2022-01-12T09:57:24+00:00\",\"breadcrumb\":{\"@id\":\"https:\/\/www.mundoprimaria.com\/tienda\/producto\/sindrome-asperger#breadcrumb\"},\"inLanguage\":\"es\",\"potentialAction\":[{\"@type\":\"ReadAction\",\"target\":[\"https:\/\/www.mundoprimaria.com\/tienda\/producto\/sindrome-asperger\"]}]},{\"@type\":\"ImageObject\",\"inLanguage\":\"es\",\"@id\":\"https:\/\/www.mundoprimaria.com\/tienda\/producto\/sindrome-asperger#primaryimage\",\"url\":\"https:\/\/www.mundoprimaria.com\/tienda\/wp-content\/uploads\/2017\/08\/Asperger.jpg\",\"contentUrl\":\"https:\/\/www.mundoprimaria.com\/tienda\/wp-content\/uploads\/2017\/08\/Asperger.jpg\",\"width\":460,\"height\":460},{\"@type\":\"BreadcrumbList\",\"@id\":\"https:\/\/www.mundoprimaria.com\/tienda\/producto\/sindrome-asperger#breadcrumb\",\"itemListElement\":[{\"@type\":\"ListItem\",\"position\":1,\"name\":\"Portada\",\"item\":\"https:\/\/www.mundoprimaria.com\/tienda\/\"},{\"@type\":\"ListItem\",\"position\":2,\"name\":\"Productos\",\"item\":\"https:\/\/www.mundoprimaria.com\/tienda\/shop\"},{\"@type\":\"ListItem\",\"position\":3,\"name\":\"Mi hijo tiene S\u00edndrome de Asperger\"}]},{\"@type\":\"WebSite\",\"@id\":\"https:\/\/www.mundoprimaria.com\/tienda\/#website\",\"url\":\"https:\/\/www.mundoprimaria.com\/tienda\/\",\"name\":\"Tienda Mundo Primaria\",\"description\":\"El portal para aprender jugando.\",\"potentialAction\":[{\"@type\":\"SearchAction\",\"target\":{\"@type\":\"EntryPoint\",\"urlTemplate\":\"https:\/\/www.mundoprimaria.com\/tienda\/?s={search_term_string}\"},\"query-input\":{\"@type\":\"PropertyValueSpecification\",\"valueRequired\":true,\"valueName\":\"search_term_string\"}}],\"inLanguage\":\"es\"}]}<\/script>\n<!-- \/ Yoast SEO plugin. -->","yoast_head_json":{"title":"Mi hijo tiene S\u00edndrome de Asperger - Tienda Mundo Primaria","robots":{"index":"noindex","follow":"follow"},"og_locale":"es_ES","og_type":"article","og_title":"Mi hijo tiene S\u00edndrome de Asperger - Tienda Mundo Primaria","og_description":"Orientaciones pr\u00e1cticas para los padres de ni\u00f1os con S\u00edndrome de Asperger.","og_url":"https:\/\/www.mundoprimaria.com\/tienda\/producto\/sindrome-asperger","og_site_name":"Tienda Mundo Primaria","article_modified_time":"2022-01-12T09:57:24+00:00","og_image":[{"width":460,"height":460,"url":"https:\/\/www.mundoprimaria.com\/tienda\/wp-content\/uploads\/2017\/08\/Asperger.jpg","type":"image\/jpeg"}],"twitter_misc":{"Tiempo de lectura":"1 minuto"},"schema":{"@context":"https:\/\/schema.org","@graph":[{"@type":"WebPage","@id":"https:\/\/www.mundoprimaria.com\/tienda\/producto\/sindrome-asperger","url":"https:\/\/www.mundoprimaria.com\/tienda\/producto\/sindrome-asperger","name":"Mi hijo tiene S\u00edndrome de Asperger - Tienda Mundo Primaria","isPartOf":{"@id":"https:\/\/www.mundoprimaria.com\/tienda\/#website"},"primaryImageOfPage":{"@id":"https:\/\/www.mundoprimaria.com\/tienda\/producto\/sindrome-asperger#primaryimage"},"image":{"@id":"https:\/\/www.mundoprimaria.com\/tienda\/producto\/sindrome-asperger#primaryimage"},"thumbnailUrl":"https:\/\/www.mundoprimaria.com\/tienda\/wp-content\/uploads\/2017\/08\/Asperger.jpg","datePublished":"2017-08-01T03:51:09+00:00","dateModified":"2022-01-12T09:57:24+00:00","breadcrumb":{"@id":"https:\/\/www.mundoprimaria.com\/tienda\/producto\/sindrome-asperger#breadcrumb"},"inLanguage":"es","potentialAction":[{"@type":"ReadAction","target":["https:\/\/www.mundoprimaria.com\/tienda\/producto\/sindrome-asperger"]}]},{"@type":"ImageObject","inLanguage":"es","@id":"https:\/\/www.mundoprimaria.com\/tienda\/producto\/sindrome-asperger#primaryimage","url":"https:\/\/www.mundoprimaria.com\/tienda\/wp-content\/uploads\/2017\/08\/Asperger.jpg","contentUrl":"https:\/\/www.mundoprimaria.com\/tienda\/wp-content\/uploads\/2017\/08\/Asperger.jpg","width":460,"height":460},{"@type":"BreadcrumbList","@id":"https:\/\/www.mundoprimaria.com\/tienda\/producto\/sindrome-asperger#breadcrumb","itemListElement":[{"@type":"ListItem","position":1,"name":"Portada","item":"https:\/\/www.mundoprimaria.com\/tienda\/"},{"@type":"ListItem","position":2,"name":"Productos","item":"https:\/\/www.mundoprimaria.com\/tienda\/shop"},{"@type":"ListItem","position":3,"name":"Mi hijo tiene S\u00edndrome de Asperger"}]},{"@type":"WebSite","@id":"https:\/\/www.mundoprimaria.com\/tienda\/#website","url":"https:\/\/www.mundoprimaria.com\/tienda\/","name":"Tienda Mundo Primaria","description":"El portal para aprender jugando.","potentialAction":[{"@type":"SearchAction","target":{"@type":"EntryPoint","urlTemplate":"https:\/\/www.mundoprimaria.com\/tienda\/?s={search_term_string}"},"query-input":{"@type":"PropertyValueSpecification","valueRequired":true,"valueName":"search_term_string"}}],"inLanguage":"es"}]}},"_links":{"self":[{"href":"https:\/\/www.mundoprimaria.com\/tienda\/wp-json\/wp\/v2\/product\/64354","targetHints":{"allow":["GET"]}}],"collection":[{"href":"https:\/\/www.mundoprimaria.com\/tienda\/wp-json\/wp\/v2\/product"}],"about":[{"href":"https:\/\/www.mundoprimaria.com\/tienda\/wp-json\/wp\/v2\/types\/product"}],"replies":[{"embeddable":true,"href":"https:\/\/www.mundoprimaria.com\/tienda\/wp-json\/wp\/v2\/comments?post=64354"}],"wp:featuredmedia":[{"embeddable":true,"href":"https:\/\/www.mundoprimaria.com\/tienda\/wp-json\/wp\/v2\/media\/64501"}],"wp:attachment":[{"href":"https:\/\/www.mundoprimaria.com\/tienda\/wp-json\/wp\/v2\/media?parent=64354"}],"wp:term":[{"taxonomy":"product_cat","embeddable":true,"href":"https:\/\/www.mundoprimaria.com\/tienda\/wp-json\/wp\/v2\/product_cat?post=64354"},{"taxonomy":"product_tag","embeddable":true,"href":"https:\/\/www.mundoprimaria.com\/tienda\/wp-json\/wp\/v2\/product_tag?post=64354"}],"curies":[{"name":"wp","href":"https:\/\/api.w.org\/{rel}","templated":true}]}}

Mi hijo tiene Síndrome de Asperger

<p><span style="color: #000000;">Orientaciones prácticas para los padres de niños con Síndrome de Asperger.</span></p>
<p>&nbsp;</p>
<p><span style="color: #000000;"><strong>Introducción<br />
</strong>Introducción<br />
Paciencia y cariño</span></p>
<p><strong>El diagnóstico<br />
</strong>Un punto de partida<br />
¿Qué es el síndrome de asperger?<br />
¿Quién, cómo y qué pruebas diagnostican el síndrome de asperger?<br />
Un diagnóstico ¿para qué?<br />
¿Qué pasos hay que dar para conseguir un diagnóstico?:<br />
El momento de la verdad: La información diagnóstica</p>
<p><strong>Dificultades habituales en los niños con síndrome de Asperger<br />
</strong>Problemas de atención<br />
Torpeza motora<br />
Dificultades de comunicación<br />
Rutinas e inflexibilidad<br />
Intereses restringidos<br />
Función ejecutiva<br />
Dificultades de relación social<br />
Escasa empatía<br />
El currículo oculto<br />
Problemas de autoestima</p>
<p><strong>La intervención<br />
</strong>Introducción<br />
Integración educativa<br />
El papel de la motivación en la educación<br />
Principios genéricos en la intervención/educación</p>
<p><strong>Claves para ayudar en el desarrollo y el aprendizaje<br />
</strong>Introducción<br />
Problemas de atención<br />
Torpeza motora<br />
Dificultades de comunicación<br />
Rutinas e inflexibilidad<br />
Intereses restringidos<br />
Función ejecutiva</p>
<p><strong>Dificultades de relación social<br />
</strong>Escasa empatía<br />
El currículo oculto<br />
Problemas de autoestima</p>
<p><strong>Los padres preguntan</strong></p>
<p><strong>Apéndice<br />
</strong>El síndrome de Asperger según el DSM IV &#8211; R<br />
El síndrome de Asperger según el CIE-10<br />
El síndrome de Asperger según Peter Szatmari, R. Bremmer y J. Nacy (1989)<br />
El síndrome de Asperger según Christopher Gillberg (1998)<br />
El síndrome de Asperger según Lorna Wing (1998)</p>

<p>Orientaciones prácticas para los padres de niños con Síndrome de Asperger.</p>

<!-- This site is optimized with the Yoast SEO plugin v24.2 - https://yoast.com/wordpress/plugins/seo/ -->
<title>Mi hijo tiene Síndrome de Asperger - Tienda Mundo Primaria</title>
<meta name="robots" content="noindex, follow" />
<meta property="og:locale" content="es_ES" />
<meta property="og:type" content="article" />
<meta property="og:title" content="Mi hijo tiene Síndrome de Asperger - Tienda Mundo Primaria" />
<meta property="og:description" content="Orientaciones prácticas para los padres de niños con Síndrome de Asperger." />
<meta property="og:url" content="https://www.mundoprimaria.com/tienda/producto/sindrome-asperger" />
<meta property="og:site_name" content="Tienda Mundo Primaria" />
<meta property="article:modified_time" content="2022-01-12T09:57:24+00:00" />
<meta property="og:image" content="https://www.mundoprimaria.com/tienda/wp-content/uploads/2017/08/Asperger.jpg" />
	<meta property="og:image:width" content="460" />
	<meta property="og:image:height" content="460" />
	<meta property="og:image:type" content="image/jpeg" />
<meta name="twitter:label1" content="Tiempo de lectura" />
	<meta name="twitter:data1" content="1 minuto" />
<script type="application/ld+json" class="yoast-schema-graph">{"@context":"https://schema.org","@graph":[{"@type":"WebPage","@id":"https://www.mundoprimaria.com/tienda/producto/sindrome-asperger","url":"https://www.mundoprimaria.com/tienda/producto/sindrome-asperger","name":"Mi hijo tiene Síndrome de Asperger - Tienda Mundo Primaria","isPartOf":{"@id":"https://www.mundoprimaria.com/tienda/#website"},"primaryImageOfPage":{"@id":"https://www.mundoprimaria.com/tienda/producto/sindrome-asperger#primaryimage"},"image":{"@id":"https://www.mundoprimaria.com/tienda/producto/sindrome-asperger#primaryimage"},"thumbnailUrl":"https://www.mundoprimaria.com/tienda/wp-content/uploads/2017/08/Asperger.jpg","datePublished":"2017-08-01T03:51:09+00:00","dateModified":"2022-01-12T09:57:24+00:00","breadcrumb":{"@id":"https://www.mundoprimaria.com/tienda/producto/sindrome-asperger#breadcrumb"},"inLanguage":"es","potentialAction":[{"@type":"ReadAction","target":["https://www.mundoprimaria.com/tienda/producto/sindrome-asperger"]}]},{"@type":"ImageObject","inLanguage":"es","@id":"https://www.mundoprimaria.com/tienda/producto/sindrome-asperger#primaryimage","url":"https://www.mundoprimaria.com/tienda/wp-content/uploads/2017/08/Asperger.jpg","contentUrl":"https://www.mundoprimaria.com/tienda/wp-content/uploads/2017/08/Asperger.jpg","width":460,"height":460},{"@type":"BreadcrumbList","@id":"https://www.mundoprimaria.com/tienda/producto/sindrome-asperger#breadcrumb","itemListElement":[{"@type":"ListItem","position":1,"name":"Portada","item":"https://www.mundoprimaria.com/tienda/"},{"@type":"ListItem","position":2,"name":"Productos","item":"https://www.mundoprimaria.com/tienda/shop"},{"@type":"ListItem","position":3,"name":"Mi hijo tiene Síndrome de Asperger"}]},{"@type":"WebSite","@id":"https://www.mundoprimaria.com/tienda/#website","url":"https://www.mundoprimaria.com/tienda/","name":"Tienda Mundo Primaria","description":"El portal para aprender jugando.","potentialAction":[{"@type":"SearchAction","target":{"@type":"EntryPoint","urlTemplate":"https://www.mundoprimaria.com/tienda/?s={search_term_string}"},"query-input":{"@type":"PropertyValueSpecification","valueRequired":true,"valueName":"search_term_string"}}],"inLanguage":"es"}]}</script>
<!-- / Yoast SEO plugin. -->

Mi hijo tiene Síndrome de Asperger - Tienda Mundo Primaria

Orientaciones prácticas para los padres de niños con Síndrome de Asperger.
