

{"id":64341,"date":"2017-08-01T04:20:24","date_gmt":"2017-08-01T02:20:24","guid":{"rendered":"http:\/\/www.mundoprimaria.com\/tienda\/?post_type=product&#038;p=64341"},"modified":"2022-01-12T10:58:58","modified_gmt":"2022-01-12T09:58:58","slug":"trastornos-alimentacion","status":"publish","type":"product","link":"https:\/\/www.mundoprimaria.com\/tienda\/producto\/trastornos-alimentacion","title":{"rendered":"Trastornos de alimentaci\u00f3n"},"content":{"rendered":"<p>Este volumen de la colecci\u00f3n va dirigido a las familias que tienen una hija o un hijo con alg\u00fan trastorno de alimentaci\u00f3n.<\/p>\n<p><span style=\"color: #000000;\">Explica de una manera sencilla y concreta en qu\u00e9 consisten la anorexia y la bulimia, el porqu\u00e9 de su aparici\u00f3n y la forma en la que los padres pueden ayudar en la recuperaci\u00f3n. Pretende ser una orientaci\u00f3n que les ayude a identificar y a prevenir en los primeros pasos de la evoluci\u00f3n de un trastorno de alimentaci\u00f3n. Tambi\u00e9n se aportan indicaciones sobre cu\u00e1l debe ser la actitud y el papel de los padres durante el tratamiento y la recuperaci\u00f3n de un trastorno de alimentaci\u00f3n.<\/span><\/p>\n<p>&nbsp;<\/p>\n<p><span style=\"font-size: 10pt;\"><strong>\u00cdndice<\/strong><\/span><\/p>\n<p><span style=\"color: #000000;\"><strong>Introducci\u00f3n<br \/>\n<\/strong><\/span><span style=\"color: #000000;\">Introducci\u00f3n<\/span><\/p>\n<p><span style=\"color: #000000;\"><strong>Aspectos b\u00e1sicos de los trastornos de alimentaci\u00f3n<br \/>\n<\/strong>\u00bfQu\u00e9 son los trastornos de la conducta alimentaria?<br \/>\n\u00bfEn qu\u00e9 consiste la anorexia nerviosa?<br \/>\n\u00bfEn qu\u00e9 consiste la bulimia nerviosa?<br \/>\nDos caras de una misma moneda: el paso de la anorexia a la bulimia<br \/>\n\u00bfC\u00f3mo detectar que mi hija padece un TCA?<br \/>\n\u00bfQu\u00e9 pasos debemos dar?<\/span><\/p>\n<p><span style=\"color: #000000;\"><strong>Entendiendo la enfermedad \u00bfpor qu\u00e9 se produce?\u00a0<\/strong><br \/>\n\u00bfQu\u00e9 es un atrac\u00f3n? \u00bfPor qu\u00e9 se produce?<br \/>\nLa distorsi\u00f3n de la imagen corporal<br \/>\nEl elevado perfeccionismo y el af\u00e1n de control<br \/>\nRepercusiones de los trastornos de la alimentaci\u00f3n<\/span><\/p>\n<p><span style=\"color: #000000;\"><strong>Causas de los trastornos de alimentaci\u00f3n\u00a0<\/strong><br \/>\nIntroducci\u00f3n<br \/>\nLos factores predisponentes<br \/>\nLos factores desencadenantes \u00bfC\u00f3mo se inicia la enfermedad?<br \/>\nLos factores mantenedores<br \/>\n\u00bfTodo el mundo podr\u00eda enfermar de un TCA?<br \/>\nPerfil actual de un paciente de TCA<br \/>\nUna visi\u00f3n positiva de la enfermedad<br \/>\nLas p\u00e1ginas pro anorexia de Internet<\/span><\/p>\n<p><span style=\"color: #000000;\"><strong>Qu\u00e9 podemos hacer los padres\u00a0<\/strong><br \/>\nPaso 1: buscar informaci\u00f3n<br \/>\nPaso 2: buscar tratamiento y ayuda especializada<br \/>\nPaso 3: qu\u00e9 explicar en la primera entrevista con los profesionales<br \/>\nPaso 4: comprometerse con la terapia de la hija.<br \/>\nPaso 5: aprender a ser pacientes<br \/>\nPaso 6: aprender a ser asertivos<br \/>\nPaso 7: mejorar las habilidades de comunicaci\u00f3n con nuestra hija<br \/>\nPaso 8: cambiar nuestra forma de pensar para generar avances<br \/>\nPaso 9: pensar en positivo<br \/>\nPaso 10: aprender a relajarnos<br \/>\n<\/span><span style=\"color: #000000;\">Paso 11: pautas b\u00e1sicas de nutrici\u00f3n para mejorar larelaci\u00f3n con la comida.<\/span><\/p>\n<p><span style=\"color: #000000;\"><strong>El tratamiento<br \/>\n<\/strong>\u00bfEn qu\u00e9 consiste un tratamiento?<br \/>\nFases y proceso terap\u00e9utico<br \/>\nConclusi\u00f3n<\/span><\/p>\n<p><span style=\"color: #000000;\"><strong>Los padres preguntan\u00a0<\/strong><br \/>\nLos padres preguntan<\/span><\/p>\n<p><span style=\"color: #000000;\"><strong>Cuestionarios\u00a0<\/strong><br \/>\n\u00bfTiene mi hija\/o un trastorno de la alimentaci\u00f3n?<br \/>\n\u00bfC\u00f3mo me comunico? Cuestionario de asertividad<\/span><\/p>\n","protected":false},"excerpt":{"rendered":"<p>Este libro de la colecci\u00f3n Escuela de Padres va dirigido a las familias que tienen hijos con alg\u00fan trastorno de alimentaci\u00f3n.<\/p>\n","protected":false},"featured_media":64510,"comment_status":"closed","ping_status":"closed","template":"","meta":{"_acf_changed":false,"_monsterinsights_skip_tracking":false,"_monsterinsights_sitenote_active":false,"_monsterinsights_sitenote_note":"","_monsterinsights_sitenote_category":0},"product_cat":[353],"product_tag":[],"class_list":{"0":"post-64341","1":"product","2":"type-product","3":"status-publish","4":"has-post-thumbnail","6":"product_cat-escuela-de-padres","7":"product_shipping_class-mensajeria","9":"first","10":"instock","11":"taxable","12":"shipping-taxable","13":"purchasable","14":"product-type-simple"},"acf":[],"yoast_head":"<!-- This site is optimized with the Yoast SEO plugin v24.2 - https:\/\/yoast.com\/wordpress\/plugins\/seo\/ -->\n<title>Trastornos de alimentaci\u00f3n - Tienda Mundo Primaria<\/title>\n<meta name=\"robots\" content=\"noindex, follow\" \/>\n<meta property=\"og:locale\" content=\"es_ES\" \/>\n<meta property=\"og:type\" content=\"article\" \/>\n<meta property=\"og:title\" content=\"Trastornos de alimentaci\u00f3n - Tienda Mundo Primaria\" \/>\n<meta property=\"og:description\" content=\"Este libro de la colecci\u00f3n Escuela de Padres va dirigido a las familias que tienen hijos con alg\u00fan trastorno de alimentaci\u00f3n.\" \/>\n<meta property=\"og:url\" content=\"https:\/\/www.mundoprimaria.com\/tienda\/producto\/trastornos-alimentacion\" \/>\n<meta property=\"og:site_name\" content=\"Tienda Mundo Primaria\" \/>\n<meta property=\"article:modified_time\" content=\"2022-01-12T09:58:58+00:00\" \/>\n<meta property=\"og:image\" content=\"https:\/\/www.mundoprimaria.com\/tienda\/wp-content\/uploads\/2017\/08\/Transtorno-alimentacion.jpg\" \/>\n\t<meta property=\"og:image:width\" content=\"460\" \/>\n\t<meta property=\"og:image:height\" content=\"460\" \/>\n\t<meta property=\"og:image:type\" content=\"image\/jpeg\" \/>\n<meta name=\"twitter:label1\" content=\"Tiempo de lectura\" \/>\n\t<meta name=\"twitter:data1\" content=\"2 minutos\" \/>\n<script type=\"application\/ld+json\" class=\"yoast-schema-graph\">{\"@context\":\"https:\/\/schema.org\",\"@graph\":[{\"@type\":\"WebPage\",\"@id\":\"https:\/\/www.mundoprimaria.com\/tienda\/producto\/trastornos-alimentacion\",\"url\":\"https:\/\/www.mundoprimaria.com\/tienda\/producto\/trastornos-alimentacion\",\"name\":\"Trastornos de alimentaci\u00f3n - Tienda Mundo Primaria\",\"isPartOf\":{\"@id\":\"https:\/\/www.mundoprimaria.com\/tienda\/#website\"},\"primaryImageOfPage\":{\"@id\":\"https:\/\/www.mundoprimaria.com\/tienda\/producto\/trastornos-alimentacion#primaryimage\"},\"image\":{\"@id\":\"https:\/\/www.mundoprimaria.com\/tienda\/producto\/trastornos-alimentacion#primaryimage\"},\"thumbnailUrl\":\"https:\/\/www.mundoprimaria.com\/tienda\/wp-content\/uploads\/2017\/08\/Transtorno-alimentacion.jpg\",\"datePublished\":\"2017-08-01T02:20:24+00:00\",\"dateModified\":\"2022-01-12T09:58:58+00:00\",\"breadcrumb\":{\"@id\":\"https:\/\/www.mundoprimaria.com\/tienda\/producto\/trastornos-alimentacion#breadcrumb\"},\"inLanguage\":\"es\",\"potentialAction\":[{\"@type\":\"ReadAction\",\"target\":[\"https:\/\/www.mundoprimaria.com\/tienda\/producto\/trastornos-alimentacion\"]}]},{\"@type\":\"ImageObject\",\"inLanguage\":\"es\",\"@id\":\"https:\/\/www.mundoprimaria.com\/tienda\/producto\/trastornos-alimentacion#primaryimage\",\"url\":\"https:\/\/www.mundoprimaria.com\/tienda\/wp-content\/uploads\/2017\/08\/Transtorno-alimentacion.jpg\",\"contentUrl\":\"https:\/\/www.mundoprimaria.com\/tienda\/wp-content\/uploads\/2017\/08\/Transtorno-alimentacion.jpg\",\"width\":460,\"height\":460},{\"@type\":\"BreadcrumbList\",\"@id\":\"https:\/\/www.mundoprimaria.com\/tienda\/producto\/trastornos-alimentacion#breadcrumb\",\"itemListElement\":[{\"@type\":\"ListItem\",\"position\":1,\"name\":\"Portada\",\"item\":\"https:\/\/www.mundoprimaria.com\/tienda\/\"},{\"@type\":\"ListItem\",\"position\":2,\"name\":\"Productos\",\"item\":\"https:\/\/www.mundoprimaria.com\/tienda\/shop\"},{\"@type\":\"ListItem\",\"position\":3,\"name\":\"Trastornos de alimentaci\u00f3n\"}]},{\"@type\":\"WebSite\",\"@id\":\"https:\/\/www.mundoprimaria.com\/tienda\/#website\",\"url\":\"https:\/\/www.mundoprimaria.com\/tienda\/\",\"name\":\"Tienda Mundo Primaria\",\"description\":\"El portal para aprender jugando.\",\"potentialAction\":[{\"@type\":\"SearchAction\",\"target\":{\"@type\":\"EntryPoint\",\"urlTemplate\":\"https:\/\/www.mundoprimaria.com\/tienda\/?s={search_term_string}\"},\"query-input\":{\"@type\":\"PropertyValueSpecification\",\"valueRequired\":true,\"valueName\":\"search_term_string\"}}],\"inLanguage\":\"es\"}]}<\/script>\n<!-- \/ Yoast SEO plugin. -->","yoast_head_json":{"title":"Trastornos de alimentaci\u00f3n - Tienda Mundo Primaria","robots":{"index":"noindex","follow":"follow"},"og_locale":"es_ES","og_type":"article","og_title":"Trastornos de alimentaci\u00f3n - Tienda Mundo Primaria","og_description":"Este libro de la colecci\u00f3n Escuela de Padres va dirigido a las familias que tienen hijos con alg\u00fan trastorno de alimentaci\u00f3n.","og_url":"https:\/\/www.mundoprimaria.com\/tienda\/producto\/trastornos-alimentacion","og_site_name":"Tienda Mundo Primaria","article_modified_time":"2022-01-12T09:58:58+00:00","og_image":[{"width":460,"height":460,"url":"https:\/\/www.mundoprimaria.com\/tienda\/wp-content\/uploads\/2017\/08\/Transtorno-alimentacion.jpg","type":"image\/jpeg"}],"twitter_misc":{"Tiempo de lectura":"2 minutos"},"schema":{"@context":"https:\/\/schema.org","@graph":[{"@type":"WebPage","@id":"https:\/\/www.mundoprimaria.com\/tienda\/producto\/trastornos-alimentacion","url":"https:\/\/www.mundoprimaria.com\/tienda\/producto\/trastornos-alimentacion","name":"Trastornos de alimentaci\u00f3n - Tienda Mundo Primaria","isPartOf":{"@id":"https:\/\/www.mundoprimaria.com\/tienda\/#website"},"primaryImageOfPage":{"@id":"https:\/\/www.mundoprimaria.com\/tienda\/producto\/trastornos-alimentacion#primaryimage"},"image":{"@id":"https:\/\/www.mundoprimaria.com\/tienda\/producto\/trastornos-alimentacion#primaryimage"},"thumbnailUrl":"https:\/\/www.mundoprimaria.com\/tienda\/wp-content\/uploads\/2017\/08\/Transtorno-alimentacion.jpg","datePublished":"2017-08-01T02:20:24+00:00","dateModified":"2022-01-12T09:58:58+00:00","breadcrumb":{"@id":"https:\/\/www.mundoprimaria.com\/tienda\/producto\/trastornos-alimentacion#breadcrumb"},"inLanguage":"es","potentialAction":[{"@type":"ReadAction","target":["https:\/\/www.mundoprimaria.com\/tienda\/producto\/trastornos-alimentacion"]}]},{"@type":"ImageObject","inLanguage":"es","@id":"https:\/\/www.mundoprimaria.com\/tienda\/producto\/trastornos-alimentacion#primaryimage","url":"https:\/\/www.mundoprimaria.com\/tienda\/wp-content\/uploads\/2017\/08\/Transtorno-alimentacion.jpg","contentUrl":"https:\/\/www.mundoprimaria.com\/tienda\/wp-content\/uploads\/2017\/08\/Transtorno-alimentacion.jpg","width":460,"height":460},{"@type":"BreadcrumbList","@id":"https:\/\/www.mundoprimaria.com\/tienda\/producto\/trastornos-alimentacion#breadcrumb","itemListElement":[{"@type":"ListItem","position":1,"name":"Portada","item":"https:\/\/www.mundoprimaria.com\/tienda\/"},{"@type":"ListItem","position":2,"name":"Productos","item":"https:\/\/www.mundoprimaria.com\/tienda\/shop"},{"@type":"ListItem","position":3,"name":"Trastornos de alimentaci\u00f3n"}]},{"@type":"WebSite","@id":"https:\/\/www.mundoprimaria.com\/tienda\/#website","url":"https:\/\/www.mundoprimaria.com\/tienda\/","name":"Tienda Mundo Primaria","description":"El portal para aprender jugando.","potentialAction":[{"@type":"SearchAction","target":{"@type":"EntryPoint","urlTemplate":"https:\/\/www.mundoprimaria.com\/tienda\/?s={search_term_string}"},"query-input":{"@type":"PropertyValueSpecification","valueRequired":true,"valueName":"search_term_string"}}],"inLanguage":"es"}]}},"_links":{"self":[{"href":"https:\/\/www.mundoprimaria.com\/tienda\/wp-json\/wp\/v2\/product\/64341","targetHints":{"allow":["GET"]}}],"collection":[{"href":"https:\/\/www.mundoprimaria.com\/tienda\/wp-json\/wp\/v2\/product"}],"about":[{"href":"https:\/\/www.mundoprimaria.com\/tienda\/wp-json\/wp\/v2\/types\/product"}],"replies":[{"embeddable":true,"href":"https:\/\/www.mundoprimaria.com\/tienda\/wp-json\/wp\/v2\/comments?post=64341"}],"wp:featuredmedia":[{"embeddable":true,"href":"https:\/\/www.mundoprimaria.com\/tienda\/wp-json\/wp\/v2\/media\/64510"}],"wp:attachment":[{"href":"https:\/\/www.mundoprimaria.com\/tienda\/wp-json\/wp\/v2\/media?parent=64341"}],"wp:term":[{"taxonomy":"product_cat","embeddable":true,"href":"https:\/\/www.mundoprimaria.com\/tienda\/wp-json\/wp\/v2\/product_cat?post=64341"},{"taxonomy":"product_tag","embeddable":true,"href":"https:\/\/www.mundoprimaria.com\/tienda\/wp-json\/wp\/v2\/product_tag?post=64341"}],"curies":[{"name":"wp","href":"https:\/\/api.w.org\/{rel}","templated":true}]}}