

{"id":64340,"date":"2017-08-01T04:16:08","date_gmt":"2017-08-01T02:16:08","guid":{"rendered":"http:\/\/www.mundoprimaria.com\/tienda\/?post_type=product&#038;p=64340"},"modified":"2022-01-12T10:27:31","modified_gmt":"2022-01-12T09:27:31","slug":"decir-adios","status":"publish","type":"product","link":"https:\/\/www.mundoprimaria.com\/tienda\/producto\/decir-adios","title":{"rendered":"Ens\u00e9\u00f1ame a decir adi\u00f3s"},"content":{"rendered":"<p>Este t\u00edtulo est\u00e1 dedicado a que los adultos proporcionen a los ni\u00f1os y adolescentes las claves necesarias para superar de forma normalizada la p\u00e9rdida de un ser querido, facilitando su integraci\u00f3n dentro del proceso de duelo.<\/p>\n<p>Mediante ideas pr\u00e1cticas y sugerencias de actuaci\u00f3n, este libro pretende dar respuesta a las inquietudes de los padres y familiares respecto a c\u00f3mo deben comportarse y c\u00f3mo deben manejar las situaciones de p\u00e9rdida para evitar que puedan influir en su desarrollo.<\/p>\n<p>&nbsp;<\/p>\n<p>&nbsp;<\/p>\n<p><strong><span style=\"font-size: 10pt;\">\u00cdndice<\/span><\/strong><\/p>\n<p><span style=\"color: #000000;\"><strong>Introducci\u00f3n<br \/>\n<\/strong>Presentaci\u00f3n del libro<br \/>\nQu\u00e9 se pretende<br \/>\nC\u00f3mo leer este libro<\/span><\/p>\n<p><strong>Los ni\u00f1os y adolescentes ante la p\u00e9rdida<br \/>\n<\/strong>de un ser querido<br \/>\nLa p\u00e9rdida de un ser querido<br \/>\n\u00bfC\u00f3mo entienden la muerte?<br \/>\n\u00bfC\u00f3mo debemos esperar que reaccionen?<br \/>\n\u00bfDe qu\u00e9 depende su reacci\u00f3n?<br \/>\nResumen<\/p>\n<p><strong>Qu\u00e9 necesitan los ni\u00f1os y adolescentes\u00a0<\/strong><br \/>\nNecesidades de los menores ante la p\u00e9rdida<br \/>\nPautas generales<br \/>\n\u00bfC\u00f3mo dec\u00edrselo?<br \/>\nSugerencias para los d\u00edas y meses siguientes al fallecimiento<br \/>\nResumen<\/p>\n<p><strong>Cu\u00e1ndo acudir a un especialista<\/strong><br \/>\nEl duelo mal elaborado<br \/>\nEstar atento a\u2026<\/p>\n<p><strong>Conclusiones<br \/>\n<\/strong>Conclusiones<\/p>\n<p><strong>Los padres preguntan<\/strong><br \/>\nLos padres preguntan<\/p>\n<p><strong>Cuestionarios\u00a0<\/strong><br \/>\n\u00bfC\u00f3mo sufren la p\u00e9rdida los ni\u00f1os y adolescentes?<br \/>\nHoy me siento\u2026<\/p>\n<p><strong>Y adem\u00e1s&#8230;<br \/>\n<\/strong>C\u00f3mo manejar reacciones de duelo en ni\u00f1os y adolescentes<br \/>\nCuidarse a uno mismo<br \/>\nM\u00e1s recursos<\/p>\n","protected":false},"excerpt":{"rendered":"<p>Este t\u00edtulo est\u00e1 dedicado a que los adultos proporcionen a los ni\u00f1os y adolescentes las claves necesarias para superar de forma normalizada la p\u00e9rdida de un ser querido, facilitando su integraci\u00f3n dentro del proceso de duelo.<\/p>\n","protected":false},"featured_media":64511,"comment_status":"closed","ping_status":"closed","template":"","meta":{"_acf_changed":false,"_monsterinsights_skip_tracking":false,"_monsterinsights_sitenote_active":false,"_monsterinsights_sitenote_note":"","_monsterinsights_sitenote_category":0},"product_cat":[353],"product_tag":[],"class_list":{"0":"post-64340","1":"product","2":"type-product","3":"status-publish","4":"has-post-thumbnail","6":"product_cat-escuela-de-padres","7":"product_shipping_class-mensajeria","9":"first","10":"instock","11":"taxable","12":"shipping-taxable","13":"purchasable","14":"product-type-simple"},"acf":[],"yoast_head":"<!-- This site is optimized with the Yoast SEO plugin v24.2 - https:\/\/yoast.com\/wordpress\/plugins\/seo\/ -->\n<title>Ens\u00e9\u00f1ame a decir adi\u00f3s - Tienda Mundo Primaria<\/title>\n<meta name=\"robots\" content=\"noindex, follow\" \/>\n<meta property=\"og:locale\" content=\"es_ES\" \/>\n<meta property=\"og:type\" content=\"article\" \/>\n<meta property=\"og:title\" content=\"Ens\u00e9\u00f1ame a decir adi\u00f3s - Tienda Mundo Primaria\" \/>\n<meta property=\"og:description\" content=\"Este t\u00edtulo est\u00e1 dedicado a que los adultos proporcionen a los ni\u00f1os y adolescentes las claves necesarias para superar de forma normalizada la p\u00e9rdida de un ser querido, facilitando su integraci\u00f3n dentro del proceso de duelo.\" \/>\n<meta property=\"og:url\" content=\"https:\/\/www.mundoprimaria.com\/tienda\/producto\/decir-adios\" \/>\n<meta property=\"og:site_name\" content=\"Tienda Mundo Primaria\" \/>\n<meta property=\"article:modified_time\" content=\"2022-01-12T09:27:31+00:00\" \/>\n<meta property=\"og:image\" content=\"https:\/\/www.mundoprimaria.com\/tienda\/wp-content\/uploads\/2017\/08\/Adios.jpg\" \/>\n\t<meta property=\"og:image:width\" content=\"460\" \/>\n\t<meta property=\"og:image:height\" content=\"460\" \/>\n\t<meta property=\"og:image:type\" content=\"image\/jpeg\" \/>\n<meta name=\"twitter:label1\" content=\"Tiempo de lectura\" \/>\n\t<meta name=\"twitter:data1\" content=\"1 minuto\" \/>\n<script type=\"application\/ld+json\" class=\"yoast-schema-graph\">{\"@context\":\"https:\/\/schema.org\",\"@graph\":[{\"@type\":\"WebPage\",\"@id\":\"https:\/\/www.mundoprimaria.com\/tienda\/producto\/decir-adios\",\"url\":\"https:\/\/www.mundoprimaria.com\/tienda\/producto\/decir-adios\",\"name\":\"Ens\u00e9\u00f1ame a decir adi\u00f3s - Tienda Mundo Primaria\",\"isPartOf\":{\"@id\":\"https:\/\/www.mundoprimaria.com\/tienda\/#website\"},\"primaryImageOfPage\":{\"@id\":\"https:\/\/www.mundoprimaria.com\/tienda\/producto\/decir-adios#primaryimage\"},\"image\":{\"@id\":\"https:\/\/www.mundoprimaria.com\/tienda\/producto\/decir-adios#primaryimage\"},\"thumbnailUrl\":\"https:\/\/www.mundoprimaria.com\/tienda\/wp-content\/uploads\/2017\/08\/Adios.jpg\",\"datePublished\":\"2017-08-01T02:16:08+00:00\",\"dateModified\":\"2022-01-12T09:27:31+00:00\",\"breadcrumb\":{\"@id\":\"https:\/\/www.mundoprimaria.com\/tienda\/producto\/decir-adios#breadcrumb\"},\"inLanguage\":\"es\",\"potentialAction\":[{\"@type\":\"ReadAction\",\"target\":[\"https:\/\/www.mundoprimaria.com\/tienda\/producto\/decir-adios\"]}]},{\"@type\":\"ImageObject\",\"inLanguage\":\"es\",\"@id\":\"https:\/\/www.mundoprimaria.com\/tienda\/producto\/decir-adios#primaryimage\",\"url\":\"https:\/\/www.mundoprimaria.com\/tienda\/wp-content\/uploads\/2017\/08\/Adios.jpg\",\"contentUrl\":\"https:\/\/www.mundoprimaria.com\/tienda\/wp-content\/uploads\/2017\/08\/Adios.jpg\",\"width\":460,\"height\":460},{\"@type\":\"BreadcrumbList\",\"@id\":\"https:\/\/www.mundoprimaria.com\/tienda\/producto\/decir-adios#breadcrumb\",\"itemListElement\":[{\"@type\":\"ListItem\",\"position\":1,\"name\":\"Portada\",\"item\":\"https:\/\/www.mundoprimaria.com\/tienda\/\"},{\"@type\":\"ListItem\",\"position\":2,\"name\":\"Productos\",\"item\":\"https:\/\/www.mundoprimaria.com\/tienda\/shop\"},{\"@type\":\"ListItem\",\"position\":3,\"name\":\"Ens\u00e9\u00f1ame a decir adi\u00f3s\"}]},{\"@type\":\"WebSite\",\"@id\":\"https:\/\/www.mundoprimaria.com\/tienda\/#website\",\"url\":\"https:\/\/www.mundoprimaria.com\/tienda\/\",\"name\":\"Tienda Mundo Primaria\",\"description\":\"El portal para aprender jugando.\",\"potentialAction\":[{\"@type\":\"SearchAction\",\"target\":{\"@type\":\"EntryPoint\",\"urlTemplate\":\"https:\/\/www.mundoprimaria.com\/tienda\/?s={search_term_string}\"},\"query-input\":{\"@type\":\"PropertyValueSpecification\",\"valueRequired\":true,\"valueName\":\"search_term_string\"}}],\"inLanguage\":\"es\"}]}<\/script>\n<!-- \/ Yoast SEO plugin. -->","yoast_head_json":{"title":"Ens\u00e9\u00f1ame a decir adi\u00f3s - Tienda Mundo Primaria","robots":{"index":"noindex","follow":"follow"},"og_locale":"es_ES","og_type":"article","og_title":"Ens\u00e9\u00f1ame a decir adi\u00f3s - Tienda Mundo Primaria","og_description":"Este t\u00edtulo est\u00e1 dedicado a que los adultos proporcionen a los ni\u00f1os y adolescentes las claves necesarias para superar de forma normalizada la p\u00e9rdida de un ser querido, facilitando su integraci\u00f3n dentro del proceso de duelo.","og_url":"https:\/\/www.mundoprimaria.com\/tienda\/producto\/decir-adios","og_site_name":"Tienda Mundo Primaria","article_modified_time":"2022-01-12T09:27:31+00:00","og_image":[{"width":460,"height":460,"url":"https:\/\/www.mundoprimaria.com\/tienda\/wp-content\/uploads\/2017\/08\/Adios.jpg","type":"image\/jpeg"}],"twitter_misc":{"Tiempo de lectura":"1 minuto"},"schema":{"@context":"https:\/\/schema.org","@graph":[{"@type":"WebPage","@id":"https:\/\/www.mundoprimaria.com\/tienda\/producto\/decir-adios","url":"https:\/\/www.mundoprimaria.com\/tienda\/producto\/decir-adios","name":"Ens\u00e9\u00f1ame a decir adi\u00f3s - Tienda Mundo Primaria","isPartOf":{"@id":"https:\/\/www.mundoprimaria.com\/tienda\/#website"},"primaryImageOfPage":{"@id":"https:\/\/www.mundoprimaria.com\/tienda\/producto\/decir-adios#primaryimage"},"image":{"@id":"https:\/\/www.mundoprimaria.com\/tienda\/producto\/decir-adios#primaryimage"},"thumbnailUrl":"https:\/\/www.mundoprimaria.com\/tienda\/wp-content\/uploads\/2017\/08\/Adios.jpg","datePublished":"2017-08-01T02:16:08+00:00","dateModified":"2022-01-12T09:27:31+00:00","breadcrumb":{"@id":"https:\/\/www.mundoprimaria.com\/tienda\/producto\/decir-adios#breadcrumb"},"inLanguage":"es","potentialAction":[{"@type":"ReadAction","target":["https:\/\/www.mundoprimaria.com\/tienda\/producto\/decir-adios"]}]},{"@type":"ImageObject","inLanguage":"es","@id":"https:\/\/www.mundoprimaria.com\/tienda\/producto\/decir-adios#primaryimage","url":"https:\/\/www.mundoprimaria.com\/tienda\/wp-content\/uploads\/2017\/08\/Adios.jpg","contentUrl":"https:\/\/www.mundoprimaria.com\/tienda\/wp-content\/uploads\/2017\/08\/Adios.jpg","width":460,"height":460},{"@type":"BreadcrumbList","@id":"https:\/\/www.mundoprimaria.com\/tienda\/producto\/decir-adios#breadcrumb","itemListElement":[{"@type":"ListItem","position":1,"name":"Portada","item":"https:\/\/www.mundoprimaria.com\/tienda\/"},{"@type":"ListItem","position":2,"name":"Productos","item":"https:\/\/www.mundoprimaria.com\/tienda\/shop"},{"@type":"ListItem","position":3,"name":"Ens\u00e9\u00f1ame a decir adi\u00f3s"}]},{"@type":"WebSite","@id":"https:\/\/www.mundoprimaria.com\/tienda\/#website","url":"https:\/\/www.mundoprimaria.com\/tienda\/","name":"Tienda Mundo Primaria","description":"El portal para aprender jugando.","potentialAction":[{"@type":"SearchAction","target":{"@type":"EntryPoint","urlTemplate":"https:\/\/www.mundoprimaria.com\/tienda\/?s={search_term_string}"},"query-input":{"@type":"PropertyValueSpecification","valueRequired":true,"valueName":"search_term_string"}}],"inLanguage":"es"}]}},"_links":{"self":[{"href":"https:\/\/www.mundoprimaria.com\/tienda\/wp-json\/wp\/v2\/product\/64340","targetHints":{"allow":["GET"]}}],"collection":[{"href":"https:\/\/www.mundoprimaria.com\/tienda\/wp-json\/wp\/v2\/product"}],"about":[{"href":"https:\/\/www.mundoprimaria.com\/tienda\/wp-json\/wp\/v2\/types\/product"}],"replies":[{"embeddable":true,"href":"https:\/\/www.mundoprimaria.com\/tienda\/wp-json\/wp\/v2\/comments?post=64340"}],"wp:featuredmedia":[{"embeddable":true,"href":"https:\/\/www.mundoprimaria.com\/tienda\/wp-json\/wp\/v2\/media\/64511"}],"wp:attachment":[{"href":"https:\/\/www.mundoprimaria.com\/tienda\/wp-json\/wp\/v2\/media?parent=64340"}],"wp:term":[{"taxonomy":"product_cat","embeddable":true,"href":"https:\/\/www.mundoprimaria.com\/tienda\/wp-json\/wp\/v2\/product_cat?post=64340"},{"taxonomy":"product_tag","embeddable":true,"href":"https:\/\/www.mundoprimaria.com\/tienda\/wp-json\/wp\/v2\/product_tag?post=64340"}],"curies":[{"name":"wp","href":"https:\/\/api.w.org\/{rel}","templated":true}]}}

Enséñame a decir adiós

<p>Este título está dedicado a que los adultos proporcionen a los niños y adolescentes las claves necesarias para superar de forma normalizada la pérdida de un ser querido, facilitando su integración dentro del proceso de duelo.</p>
<p>Mediante ideas prácticas y sugerencias de actuación, este libro pretende dar respuesta a las inquietudes de los padres y familiares respecto a cómo deben comportarse y cómo deben manejar las situaciones de pérdida para evitar que puedan influir en su desarrollo.</p>
<p>&nbsp;</p>
<p>&nbsp;</p>
<p><strong><span style="font-size: 10pt;">Índice</span></strong></p>
<p><span style="color: #000000;"><strong>Introducción<br />
</strong>Presentación del libro<br />
Qué se pretende<br />
Cómo leer este libro</span></p>
<p><strong>Los niños y adolescentes ante la pérdida<br />
</strong>de un ser querido<br />
La pérdida de un ser querido<br />
¿Cómo entienden la muerte?<br />
¿Cómo debemos esperar que reaccionen?<br />
¿De qué depende su reacción?<br />
Resumen</p>
<p><strong>Qué necesitan los niños y adolescentes </strong><br />
Necesidades de los menores ante la pérdida<br />
Pautas generales<br />
¿Cómo decírselo?<br />
Sugerencias para los días y meses siguientes al fallecimiento<br />
Resumen</p>
<p><strong>Cuándo acudir a un especialista</strong><br />
El duelo mal elaborado<br />
Estar atento a…</p>
<p><strong>Conclusiones<br />
</strong>Conclusiones</p>
<p><strong>Los padres preguntan</strong><br />
Los padres preguntan</p>
<p><strong>Cuestionarios </strong><br />
¿Cómo sufren la pérdida los niños y adolescentes?<br />
Hoy me siento…</p>
<p><strong>Y además&#8230;<br />
</strong>Cómo manejar reacciones de duelo en niños y adolescentes<br />
Cuidarse a uno mismo<br />
Más recursos</p>

<p>Este título está dedicado a que los adultos proporcionen a los niños y adolescentes las claves necesarias para superar de forma normalizada la pérdida de un ser querido, facilitando su integración dentro del proceso de duelo.</p>

<!-- This site is optimized with the Yoast SEO plugin v24.2 - https://yoast.com/wordpress/plugins/seo/ -->
<title>Enséñame a decir adiós - Tienda Mundo Primaria</title>
<meta name="robots" content="noindex, follow" />
<meta property="og:locale" content="es_ES" />
<meta property="og:type" content="article" />
<meta property="og:title" content="Enséñame a decir adiós - Tienda Mundo Primaria" />
<meta property="og:description" content="Este título está dedicado a que los adultos proporcionen a los niños y adolescentes las claves necesarias para superar de forma normalizada la pérdida de un ser querido, facilitando su integración dentro del proceso de duelo." />
<meta property="og:url" content="https://www.mundoprimaria.com/tienda/producto/decir-adios" />
<meta property="og:site_name" content="Tienda Mundo Primaria" />
<meta property="article:modified_time" content="2022-01-12T09:27:31+00:00" />
<meta property="og:image" content="https://www.mundoprimaria.com/tienda/wp-content/uploads/2017/08/Adios.jpg" />
	<meta property="og:image:width" content="460" />
	<meta property="og:image:height" content="460" />
	<meta property="og:image:type" content="image/jpeg" />
<meta name="twitter:label1" content="Tiempo de lectura" />
	<meta name="twitter:data1" content="1 minuto" />
<script type="application/ld+json" class="yoast-schema-graph">{"@context":"https://schema.org","@graph":[{"@type":"WebPage","@id":"https://www.mundoprimaria.com/tienda/producto/decir-adios","url":"https://www.mundoprimaria.com/tienda/producto/decir-adios","name":"Enséñame a decir adiós - Tienda Mundo Primaria","isPartOf":{"@id":"https://www.mundoprimaria.com/tienda/#website"},"primaryImageOfPage":{"@id":"https://www.mundoprimaria.com/tienda/producto/decir-adios#primaryimage"},"image":{"@id":"https://www.mundoprimaria.com/tienda/producto/decir-adios#primaryimage"},"thumbnailUrl":"https://www.mundoprimaria.com/tienda/wp-content/uploads/2017/08/Adios.jpg","datePublished":"2017-08-01T02:16:08+00:00","dateModified":"2022-01-12T09:27:31+00:00","breadcrumb":{"@id":"https://www.mundoprimaria.com/tienda/producto/decir-adios#breadcrumb"},"inLanguage":"es","potentialAction":[{"@type":"ReadAction","target":["https://www.mundoprimaria.com/tienda/producto/decir-adios"]}]},{"@type":"ImageObject","inLanguage":"es","@id":"https://www.mundoprimaria.com/tienda/producto/decir-adios#primaryimage","url":"https://www.mundoprimaria.com/tienda/wp-content/uploads/2017/08/Adios.jpg","contentUrl":"https://www.mundoprimaria.com/tienda/wp-content/uploads/2017/08/Adios.jpg","width":460,"height":460},{"@type":"BreadcrumbList","@id":"https://www.mundoprimaria.com/tienda/producto/decir-adios#breadcrumb","itemListElement":[{"@type":"ListItem","position":1,"name":"Portada","item":"https://www.mundoprimaria.com/tienda/"},{"@type":"ListItem","position":2,"name":"Productos","item":"https://www.mundoprimaria.com/tienda/shop"},{"@type":"ListItem","position":3,"name":"Enséñame a decir adiós"}]},{"@type":"WebSite","@id":"https://www.mundoprimaria.com/tienda/#website","url":"https://www.mundoprimaria.com/tienda/","name":"Tienda Mundo Primaria","description":"El portal para aprender jugando.","potentialAction":[{"@type":"SearchAction","target":{"@type":"EntryPoint","urlTemplate":"https://www.mundoprimaria.com/tienda/?s={search_term_string}"},"query-input":{"@type":"PropertyValueSpecification","valueRequired":true,"valueName":"search_term_string"}}],"inLanguage":"es"}]}</script>
<!-- / Yoast SEO plugin. -->

Enséñame a decir adiós - Tienda Mundo Primaria

Este título está dedicado a que los adultos proporcionen a los niños y adolescentes las claves necesarias para superar de forma normalizada la pérdida de un ser querido, facilitando su integración dentro del proceso de duelo.
