

{"id":64335,"date":"2017-08-01T03:57:06","date_gmt":"2017-08-01T01:57:06","guid":{"rendered":"http:\/\/www.mundoprimaria.com\/tienda\/?post_type=product&#038;p=64335"},"modified":"2022-01-12T10:54:33","modified_gmt":"2022-01-12T09:54:33","slug":"acoso-escolar","status":"publish","type":"product","link":"https:\/\/www.mundoprimaria.com\/tienda\/producto\/acoso-escolar","title":{"rendered":"La relaci\u00f3n con otros ni\u00f1os y el acoso escolar"},"content":{"rendered":"<p>Manual que facilita orientaciones a los padres sobre c\u00f3mo mejorar las relaciones de sus hijos con los chicos de su edad. As\u00ed mismo para facilitar orientaciones para detectar y actuar en caso de acoso escolar<\/p>\n<p><span style=\"font-size: 10pt;\"><strong>\u00cdndice<\/strong><\/span><\/p>\n<p><strong>Introducci\u00f3n<br \/>\n<\/strong>Presentaci\u00f3n del curso<br \/>\nPreocupaciones habituales<\/p>\n<p><strong>Consideraciones previas<\/strong><br \/>\nFactores que condicionan las relaciones<br \/>\n\u00bfQu\u00e9 son las habilidades sociales?<br \/>\nClasificaci\u00f3n de las habilidades sociales<\/p>\n<p><strong>Medidas educativas generales<\/strong><br \/>\nFavorecer las relaciones con otros ni\u00f1os<br \/>\nDar buen ejemplo<br \/>\nEnse\u00f1anza directa<br \/>\nCorregir y elogiar<br \/>\nFomentar las amistades adecuadas<br \/>\nOrientarle cuando presente dificultades<br \/>\nConocer y estar informado<br \/>\nNo entrometerse demasiado<br \/>\nIntervenci\u00f3n directa en situaciones especiales<\/p>\n<p><strong>Dificultades en las relaciones con otros ni\u00f1os<\/strong><br \/>\nIntroducci\u00f3n<br \/>\nNi\u00f1os que pegan<br \/>\nNi\u00f1os que pegan \u00bfQu\u00e9 hacer?<br \/>\nNi\u00f1os que pegan. Medidas de apoyo<br \/>\nNi\u00f1os con dificultades para relacionarse<br \/>\nNi\u00f1os con dificultades para relacionarse. \u00bfQu\u00e9 hacer?<br \/>\nNi\u00f1os impopulares<br \/>\nNi\u00f1os impopulares. \u00bfQu\u00e9 hacer?<br \/>\nNi\u00f1os objeto de burlas<br \/>\nNi\u00f1os objeto de burlas. \u00bfQu\u00e9 hacer?<br \/>\nNi\u00f1os con amistades perjudiciales<br \/>\nNi\u00f1os con amistades perjudiciales. \u00bfQu\u00e9 hacer?<\/p>\n<p><strong>El acoso escolar<br \/>\n<\/strong>\u00bfQu\u00e9 es el acoso escolar?<br \/>\n\u00bfC\u00f3mo saber si mi hijo es v\u00edctima de acoso escolar?<br \/>\n\u00bfQu\u00e9 hacer?<br \/>\nMedidas preventivas<\/p>\n<p><strong>Conclusi\u00f3n<\/strong><br \/>\nResumiendo<br \/>\nConclusi\u00f3n<\/p>\n<p><strong>Los padres preguntan<\/strong><br \/>\nLos padres preguntan<\/p>\n<p><strong>Cuestionarios<\/strong><br \/>\nLa actuaci\u00f3n de los padres en las relaciones sociales de los hijos<br \/>\n\u00bfPuede estar sufriendo mi hijo acoso escolar?<\/p>\n<p><strong>Repertorio de habilidades sociales por edades<\/strong><br \/>\nIntroducci\u00f3n<br \/>\n\u00bfC\u00f3mo utilizarlas?<\/p>\n","protected":false},"excerpt":{"rendered":"<p>Manual que facilita orientaciones a los padres sobre c\u00f3mo mejorar las relaciones de sus hijos con los chicos de su edad. As\u00ed mismo para facilitar orientaciones para detectar y actuar en caso de acoso escolar<\/p>\n","protected":false},"featured_media":64515,"comment_status":"closed","ping_status":"closed","template":"","meta":{"_acf_changed":false,"_monsterinsights_skip_tracking":false,"_monsterinsights_sitenote_active":false,"_monsterinsights_sitenote_note":"","_monsterinsights_sitenote_category":0},"product_cat":[353],"product_tag":[],"class_list":{"0":"post-64335","1":"product","2":"type-product","3":"status-publish","4":"has-post-thumbnail","6":"product_cat-escuela-de-padres","7":"product_shipping_class-mensajeria","9":"first","10":"instock","11":"taxable","12":"shipping-taxable","13":"purchasable","14":"product-type-simple"},"acf":[],"yoast_head":"<!-- This site is optimized with the Yoast SEO plugin v24.2 - https:\/\/yoast.com\/wordpress\/plugins\/seo\/ -->\n<title>La relaci\u00f3n con otros ni\u00f1os y el acoso escolar - Tienda Mundo Primaria<\/title>\n<meta name=\"robots\" content=\"noindex, follow\" \/>\n<meta property=\"og:locale\" content=\"es_ES\" \/>\n<meta property=\"og:type\" content=\"article\" \/>\n<meta property=\"og:title\" content=\"La relaci\u00f3n con otros ni\u00f1os y el acoso escolar - Tienda Mundo Primaria\" \/>\n<meta property=\"og:description\" content=\"Manual que facilita orientaciones a los padres sobre c\u00f3mo mejorar las relaciones de sus hijos con los chicos de su edad. As\u00ed mismo para facilitar orientaciones para detectar y actuar en caso de acoso escolar\" \/>\n<meta property=\"og:url\" content=\"https:\/\/www.mundoprimaria.com\/tienda\/producto\/acoso-escolar\" \/>\n<meta property=\"og:site_name\" content=\"Tienda Mundo Primaria\" \/>\n<meta property=\"article:modified_time\" content=\"2022-01-12T09:54:33+00:00\" \/>\n<meta property=\"og:image\" content=\"https:\/\/www.mundoprimaria.com\/tienda\/wp-content\/uploads\/2017\/08\/Acoso-escolar.jpg\" \/>\n\t<meta property=\"og:image:width\" content=\"460\" \/>\n\t<meta property=\"og:image:height\" content=\"460\" \/>\n\t<meta property=\"og:image:type\" content=\"image\/jpeg\" \/>\n<meta name=\"twitter:label1\" content=\"Tiempo de lectura\" \/>\n\t<meta name=\"twitter:data1\" content=\"1 minuto\" \/>\n<script type=\"application\/ld+json\" class=\"yoast-schema-graph\">{\"@context\":\"https:\/\/schema.org\",\"@graph\":[{\"@type\":\"WebPage\",\"@id\":\"https:\/\/www.mundoprimaria.com\/tienda\/producto\/acoso-escolar\",\"url\":\"https:\/\/www.mundoprimaria.com\/tienda\/producto\/acoso-escolar\",\"name\":\"La relaci\u00f3n con otros ni\u00f1os y el acoso escolar - Tienda Mundo Primaria\",\"isPartOf\":{\"@id\":\"https:\/\/www.mundoprimaria.com\/tienda\/#website\"},\"primaryImageOfPage\":{\"@id\":\"https:\/\/www.mundoprimaria.com\/tienda\/producto\/acoso-escolar#primaryimage\"},\"image\":{\"@id\":\"https:\/\/www.mundoprimaria.com\/tienda\/producto\/acoso-escolar#primaryimage\"},\"thumbnailUrl\":\"https:\/\/www.mundoprimaria.com\/tienda\/wp-content\/uploads\/2017\/08\/Acoso-escolar.jpg\",\"datePublished\":\"2017-08-01T01:57:06+00:00\",\"dateModified\":\"2022-01-12T09:54:33+00:00\",\"breadcrumb\":{\"@id\":\"https:\/\/www.mundoprimaria.com\/tienda\/producto\/acoso-escolar#breadcrumb\"},\"inLanguage\":\"es\",\"potentialAction\":[{\"@type\":\"ReadAction\",\"target\":[\"https:\/\/www.mundoprimaria.com\/tienda\/producto\/acoso-escolar\"]}]},{\"@type\":\"ImageObject\",\"inLanguage\":\"es\",\"@id\":\"https:\/\/www.mundoprimaria.com\/tienda\/producto\/acoso-escolar#primaryimage\",\"url\":\"https:\/\/www.mundoprimaria.com\/tienda\/wp-content\/uploads\/2017\/08\/Acoso-escolar.jpg\",\"contentUrl\":\"https:\/\/www.mundoprimaria.com\/tienda\/wp-content\/uploads\/2017\/08\/Acoso-escolar.jpg\",\"width\":460,\"height\":460},{\"@type\":\"BreadcrumbList\",\"@id\":\"https:\/\/www.mundoprimaria.com\/tienda\/producto\/acoso-escolar#breadcrumb\",\"itemListElement\":[{\"@type\":\"ListItem\",\"position\":1,\"name\":\"Portada\",\"item\":\"https:\/\/www.mundoprimaria.com\/tienda\/\"},{\"@type\":\"ListItem\",\"position\":2,\"name\":\"Productos\",\"item\":\"https:\/\/www.mundoprimaria.com\/tienda\/shop\"},{\"@type\":\"ListItem\",\"position\":3,\"name\":\"La relaci\u00f3n con otros ni\u00f1os y el acoso escolar\"}]},{\"@type\":\"WebSite\",\"@id\":\"https:\/\/www.mundoprimaria.com\/tienda\/#website\",\"url\":\"https:\/\/www.mundoprimaria.com\/tienda\/\",\"name\":\"Tienda Mundo Primaria\",\"description\":\"El portal para aprender jugando.\",\"potentialAction\":[{\"@type\":\"SearchAction\",\"target\":{\"@type\":\"EntryPoint\",\"urlTemplate\":\"https:\/\/www.mundoprimaria.com\/tienda\/?s={search_term_string}\"},\"query-input\":{\"@type\":\"PropertyValueSpecification\",\"valueRequired\":true,\"valueName\":\"search_term_string\"}}],\"inLanguage\":\"es\"}]}<\/script>\n<!-- \/ Yoast SEO plugin. -->","yoast_head_json":{"title":"La relaci\u00f3n con otros ni\u00f1os y el acoso escolar - Tienda Mundo Primaria","robots":{"index":"noindex","follow":"follow"},"og_locale":"es_ES","og_type":"article","og_title":"La relaci\u00f3n con otros ni\u00f1os y el acoso escolar - Tienda Mundo Primaria","og_description":"Manual que facilita orientaciones a los padres sobre c\u00f3mo mejorar las relaciones de sus hijos con los chicos de su edad. As\u00ed mismo para facilitar orientaciones para detectar y actuar en caso de acoso escolar","og_url":"https:\/\/www.mundoprimaria.com\/tienda\/producto\/acoso-escolar","og_site_name":"Tienda Mundo Primaria","article_modified_time":"2022-01-12T09:54:33+00:00","og_image":[{"width":460,"height":460,"url":"https:\/\/www.mundoprimaria.com\/tienda\/wp-content\/uploads\/2017\/08\/Acoso-escolar.jpg","type":"image\/jpeg"}],"twitter_misc":{"Tiempo de lectura":"1 minuto"},"schema":{"@context":"https:\/\/schema.org","@graph":[{"@type":"WebPage","@id":"https:\/\/www.mundoprimaria.com\/tienda\/producto\/acoso-escolar","url":"https:\/\/www.mundoprimaria.com\/tienda\/producto\/acoso-escolar","name":"La relaci\u00f3n con otros ni\u00f1os y el acoso escolar - Tienda Mundo Primaria","isPartOf":{"@id":"https:\/\/www.mundoprimaria.com\/tienda\/#website"},"primaryImageOfPage":{"@id":"https:\/\/www.mundoprimaria.com\/tienda\/producto\/acoso-escolar#primaryimage"},"image":{"@id":"https:\/\/www.mundoprimaria.com\/tienda\/producto\/acoso-escolar#primaryimage"},"thumbnailUrl":"https:\/\/www.mundoprimaria.com\/tienda\/wp-content\/uploads\/2017\/08\/Acoso-escolar.jpg","datePublished":"2017-08-01T01:57:06+00:00","dateModified":"2022-01-12T09:54:33+00:00","breadcrumb":{"@id":"https:\/\/www.mundoprimaria.com\/tienda\/producto\/acoso-escolar#breadcrumb"},"inLanguage":"es","potentialAction":[{"@type":"ReadAction","target":["https:\/\/www.mundoprimaria.com\/tienda\/producto\/acoso-escolar"]}]},{"@type":"ImageObject","inLanguage":"es","@id":"https:\/\/www.mundoprimaria.com\/tienda\/producto\/acoso-escolar#primaryimage","url":"https:\/\/www.mundoprimaria.com\/tienda\/wp-content\/uploads\/2017\/08\/Acoso-escolar.jpg","contentUrl":"https:\/\/www.mundoprimaria.com\/tienda\/wp-content\/uploads\/2017\/08\/Acoso-escolar.jpg","width":460,"height":460},{"@type":"BreadcrumbList","@id":"https:\/\/www.mundoprimaria.com\/tienda\/producto\/acoso-escolar#breadcrumb","itemListElement":[{"@type":"ListItem","position":1,"name":"Portada","item":"https:\/\/www.mundoprimaria.com\/tienda\/"},{"@type":"ListItem","position":2,"name":"Productos","item":"https:\/\/www.mundoprimaria.com\/tienda\/shop"},{"@type":"ListItem","position":3,"name":"La relaci\u00f3n con otros ni\u00f1os y el acoso escolar"}]},{"@type":"WebSite","@id":"https:\/\/www.mundoprimaria.com\/tienda\/#website","url":"https:\/\/www.mundoprimaria.com\/tienda\/","name":"Tienda Mundo Primaria","description":"El portal para aprender jugando.","potentialAction":[{"@type":"SearchAction","target":{"@type":"EntryPoint","urlTemplate":"https:\/\/www.mundoprimaria.com\/tienda\/?s={search_term_string}"},"query-input":{"@type":"PropertyValueSpecification","valueRequired":true,"valueName":"search_term_string"}}],"inLanguage":"es"}]}},"_links":{"self":[{"href":"https:\/\/www.mundoprimaria.com\/tienda\/wp-json\/wp\/v2\/product\/64335","targetHints":{"allow":["GET"]}}],"collection":[{"href":"https:\/\/www.mundoprimaria.com\/tienda\/wp-json\/wp\/v2\/product"}],"about":[{"href":"https:\/\/www.mundoprimaria.com\/tienda\/wp-json\/wp\/v2\/types\/product"}],"replies":[{"embeddable":true,"href":"https:\/\/www.mundoprimaria.com\/tienda\/wp-json\/wp\/v2\/comments?post=64335"}],"wp:featuredmedia":[{"embeddable":true,"href":"https:\/\/www.mundoprimaria.com\/tienda\/wp-json\/wp\/v2\/media\/64515"}],"wp:attachment":[{"href":"https:\/\/www.mundoprimaria.com\/tienda\/wp-json\/wp\/v2\/media?parent=64335"}],"wp:term":[{"taxonomy":"product_cat","embeddable":true,"href":"https:\/\/www.mundoprimaria.com\/tienda\/wp-json\/wp\/v2\/product_cat?post=64335"},{"taxonomy":"product_tag","embeddable":true,"href":"https:\/\/www.mundoprimaria.com\/tienda\/wp-json\/wp\/v2\/product_tag?post=64335"}],"curies":[{"name":"wp","href":"https:\/\/api.w.org\/{rel}","templated":true}]}}