

{"id":64331,"date":"2017-08-01T03:34:02","date_gmt":"2017-08-01T01:34:02","guid":{"rendered":"http:\/\/www.mundoprimaria.com\/tienda\/?post_type=product&#038;p=64331"},"modified":"2022-01-12T10:58:42","modified_gmt":"2022-01-12T09:58:42","slug":"tecnicas-educar","status":"publish","type":"product","link":"https:\/\/www.mundoprimaria.com\/tienda\/producto\/tecnicas-educar","title":{"rendered":"T\u00e9cnicas b\u00e1sicas para educar"},"content":{"rendered":"<p>Este tipo de t\u00e9cnicas facilitan unas pautas b\u00e1sicas para educar a ni\u00f1os de 2 a 12 a\u00f1os y sirven para actuar en caso de que estos incumplan las normas elementales.<\/p>\n<p><strong><span style=\"font-size: 10pt;\">\u00cdndice<\/span><\/strong><\/p>\n<p><strong>Introducci\u00f3n<\/strong><br \/>\nPresentaci\u00f3n<br \/>\nObjetivos del libro<br \/>\nPreguntas que quiere responder<\/p>\n<p><strong>Acuerdo entre la pareja<\/strong><br \/>\nImportancia<br \/>\n\u00bfEn qu\u00e9 deben estar de acuerdo?<br \/>\n\u00bfQu\u00e9 ocurre cuando no hay acuerdo?<br \/>\n\u00bfC\u00f3mo se consigue el acuerdo?<br \/>\n\u00bfPara qu\u00e9 situaciones es v\u00e1lida esta t\u00e9cnica?<\/p>\n<p><strong>Ense\u00f1anza directa<\/strong><br \/>\n\u00bfEn qu\u00e9 consiste?<br \/>\n\u00bfPara qu\u00e9 situaciones es v\u00e1lida?<br \/>\n\u00bfC\u00f3mo se hace?<br \/>\n\u00bfQu\u00e9 condiciones requiere?<\/p>\n<p><strong>Dar ejemplo<\/strong><br \/>\n\u00bfEn qu\u00e9 consiste?<br \/>\n\u00bfQu\u00e9 imitan los ni\u00f1os?<br \/>\nCuando tratamos a las personas<br \/>\nCuando afrontamos nuestras responsabilidades<br \/>\nCuando expresamos adecuadamente los sentimientos<br \/>\nEn los buenos modales<\/p>\n<p><strong>Disponer de normas y l\u00edmites<\/strong><br \/>\nImportancia<br \/>\nCaracter\u00edsticas de las normas y l\u00edmites<br \/>\n\u00bfQu\u00e9 normas debemos exigirle?<br \/>\n\u00bfC\u00f3mo se ense\u00f1an?<\/p>\n<p><strong>Ser coherentes<\/strong><br \/>\nEn qu\u00e9 consiste<br \/>\nImportancia<br \/>\nC\u00f3mo ser coherente<\/p>\n<p><strong>Educar con constancia<\/strong><br \/>\nImportancia<br \/>\n\u00bfC\u00f3mo se lleva a cabo?<br \/>\n\u00bfPara qu\u00e9 situaciones es v\u00e1lida?<\/p>\n<p><strong>Escucharle y hablarle<\/strong><br \/>\nImportancia<br \/>\n\u00bfC\u00f3mo escuchar al ni\u00f1o?<br \/>\nC\u00f3mo hablarle<\/p>\n<p><strong>Estar informado<\/strong><br \/>\nImportancia<br \/>\nDe la marcha en los estudios<br \/>\nConocer a su c\u00edrculo de amigos<br \/>\nEl uso que hace del tiempo libre<\/p>\n<p><strong>Elogiar y prestar atenci\u00f3n<\/strong><br \/>\nImportancia<br \/>\nUsos inadecuados del elogio y atenci\u00f3n<br \/>\n\u00bfC\u00f3mo usarlos adecuadamente?<br \/>\n\u00bfPara que situaciones son v\u00e1lidos?<\/p>\n<p><strong>Educar con afecto<\/strong><br \/>\nImportancia<br \/>\nAlgunas formas de mostrar el afecto<br \/>\nSe les dedica tiempo<\/p>\n<p><strong>Conclusi\u00f3n<\/strong><br \/>\nY adem\u00e1s<br \/>\nDec\u00e1logo para educar<\/p>\n<p><strong>Los padres preguntan<\/strong><br \/>\nLos padres preguntan<\/p>\n<p><strong>Cuestionarios<\/strong><br \/>\nValoraci\u00f3n de las t\u00e9cnicas b\u00e1sicas<\/p>\n<p><strong>Ejercicios para practicar<\/strong><br \/>\nIntroducci\u00f3n<br \/>\nEl\u00f3gielo todos los d\u00edas<br \/>\nPreg\u00fantele a su pareja<br \/>\nEns\u00e9\u00f1ele un h\u00e1bito<br \/>\nReflexione \u00bfCu\u00e1ndo soy buen ejemplo?<br \/>\nRevise sus normas<br \/>\nComida sin televisi\u00f3n<br \/>\nRevise sus cuadernos<br \/>\nPr\u00e9stele especial atenci\u00f3n cuando se porte bien<br \/>\nP\u00eddale que le ense\u00f1e sus v\u00eddeo juegos<br \/>\nInvente nuevos ejercicios<\/p>\n","protected":false},"excerpt":{"rendered":"<p>Este tipo de t\u00e9cnicas facilitan unas pautas b\u00e1sicas para educar a ni\u00f1os de 2 a 12 a\u00f1os y sirven para actuar en caso de que estos incumplan las normas elementales.<\/p>\n","protected":false},"featured_media":64519,"comment_status":"closed","ping_status":"closed","template":"","meta":{"_acf_changed":false,"_monsterinsights_skip_tracking":false,"_monsterinsights_sitenote_active":false,"_monsterinsights_sitenote_note":"","_monsterinsights_sitenote_category":0},"product_cat":[353],"product_tag":[],"class_list":{"0":"post-64331","1":"product","2":"type-product","3":"status-publish","4":"has-post-thumbnail","6":"product_cat-escuela-de-padres","7":"product_shipping_class-mensajeria","9":"first","10":"instock","11":"taxable","12":"shipping-taxable","13":"purchasable","14":"product-type-simple"},"acf":[],"yoast_head":"<!-- This site is optimized with the Yoast SEO plugin v24.2 - https:\/\/yoast.com\/wordpress\/plugins\/seo\/ -->\n<title>T\u00e9cnicas b\u00e1sicas para educar - Tienda Mundo Primaria<\/title>\n<meta name=\"robots\" content=\"noindex, follow\" \/>\n<meta property=\"og:locale\" content=\"es_ES\" \/>\n<meta property=\"og:type\" content=\"article\" \/>\n<meta property=\"og:title\" content=\"T\u00e9cnicas b\u00e1sicas para educar - Tienda Mundo Primaria\" \/>\n<meta property=\"og:description\" content=\"Este tipo de t\u00e9cnicas facilitan unas pautas b\u00e1sicas para educar a ni\u00f1os de 2 a 12 a\u00f1os y sirven para actuar en caso de que estos incumplan las normas elementales.\" \/>\n<meta property=\"og:url\" content=\"https:\/\/www.mundoprimaria.com\/tienda\/producto\/tecnicas-educar\" \/>\n<meta property=\"og:site_name\" content=\"Tienda Mundo Primaria\" \/>\n<meta property=\"article:modified_time\" content=\"2022-01-12T09:58:42+00:00\" \/>\n<meta property=\"og:image\" content=\"https:\/\/www.mundoprimaria.com\/tienda\/wp-content\/uploads\/2017\/08\/Educar.jpg\" \/>\n\t<meta property=\"og:image:width\" content=\"460\" \/>\n\t<meta property=\"og:image:height\" content=\"460\" \/>\n\t<meta property=\"og:image:type\" content=\"image\/jpeg\" \/>\n<meta name=\"twitter:label1\" content=\"Tiempo de lectura\" \/>\n\t<meta name=\"twitter:data1\" content=\"2 minutos\" \/>\n<script type=\"application\/ld+json\" class=\"yoast-schema-graph\">{\"@context\":\"https:\/\/schema.org\",\"@graph\":[{\"@type\":\"WebPage\",\"@id\":\"https:\/\/www.mundoprimaria.com\/tienda\/producto\/tecnicas-educar\",\"url\":\"https:\/\/www.mundoprimaria.com\/tienda\/producto\/tecnicas-educar\",\"name\":\"T\u00e9cnicas b\u00e1sicas para educar - Tienda Mundo Primaria\",\"isPartOf\":{\"@id\":\"https:\/\/www.mundoprimaria.com\/tienda\/#website\"},\"primaryImageOfPage\":{\"@id\":\"https:\/\/www.mundoprimaria.com\/tienda\/producto\/tecnicas-educar#primaryimage\"},\"image\":{\"@id\":\"https:\/\/www.mundoprimaria.com\/tienda\/producto\/tecnicas-educar#primaryimage\"},\"thumbnailUrl\":\"https:\/\/www.mundoprimaria.com\/tienda\/wp-content\/uploads\/2017\/08\/Educar.jpg\",\"datePublished\":\"2017-08-01T01:34:02+00:00\",\"dateModified\":\"2022-01-12T09:58:42+00:00\",\"breadcrumb\":{\"@id\":\"https:\/\/www.mundoprimaria.com\/tienda\/producto\/tecnicas-educar#breadcrumb\"},\"inLanguage\":\"es\",\"potentialAction\":[{\"@type\":\"ReadAction\",\"target\":[\"https:\/\/www.mundoprimaria.com\/tienda\/producto\/tecnicas-educar\"]}]},{\"@type\":\"ImageObject\",\"inLanguage\":\"es\",\"@id\":\"https:\/\/www.mundoprimaria.com\/tienda\/producto\/tecnicas-educar#primaryimage\",\"url\":\"https:\/\/www.mundoprimaria.com\/tienda\/wp-content\/uploads\/2017\/08\/Educar.jpg\",\"contentUrl\":\"https:\/\/www.mundoprimaria.com\/tienda\/wp-content\/uploads\/2017\/08\/Educar.jpg\",\"width\":460,\"height\":460},{\"@type\":\"BreadcrumbList\",\"@id\":\"https:\/\/www.mundoprimaria.com\/tienda\/producto\/tecnicas-educar#breadcrumb\",\"itemListElement\":[{\"@type\":\"ListItem\",\"position\":1,\"name\":\"Portada\",\"item\":\"https:\/\/www.mundoprimaria.com\/tienda\/\"},{\"@type\":\"ListItem\",\"position\":2,\"name\":\"Productos\",\"item\":\"https:\/\/www.mundoprimaria.com\/tienda\/shop\"},{\"@type\":\"ListItem\",\"position\":3,\"name\":\"T\u00e9cnicas b\u00e1sicas para educar\"}]},{\"@type\":\"WebSite\",\"@id\":\"https:\/\/www.mundoprimaria.com\/tienda\/#website\",\"url\":\"https:\/\/www.mundoprimaria.com\/tienda\/\",\"name\":\"Tienda Mundo Primaria\",\"description\":\"El portal para aprender jugando.\",\"potentialAction\":[{\"@type\":\"SearchAction\",\"target\":{\"@type\":\"EntryPoint\",\"urlTemplate\":\"https:\/\/www.mundoprimaria.com\/tienda\/?s={search_term_string}\"},\"query-input\":{\"@type\":\"PropertyValueSpecification\",\"valueRequired\":true,\"valueName\":\"search_term_string\"}}],\"inLanguage\":\"es\"}]}<\/script>\n<!-- \/ Yoast SEO plugin. -->","yoast_head_json":{"title":"T\u00e9cnicas b\u00e1sicas para educar - Tienda Mundo Primaria","robots":{"index":"noindex","follow":"follow"},"og_locale":"es_ES","og_type":"article","og_title":"T\u00e9cnicas b\u00e1sicas para educar - Tienda Mundo Primaria","og_description":"Este tipo de t\u00e9cnicas facilitan unas pautas b\u00e1sicas para educar a ni\u00f1os de 2 a 12 a\u00f1os y sirven para actuar en caso de que estos incumplan las normas elementales.","og_url":"https:\/\/www.mundoprimaria.com\/tienda\/producto\/tecnicas-educar","og_site_name":"Tienda Mundo Primaria","article_modified_time":"2022-01-12T09:58:42+00:00","og_image":[{"width":460,"height":460,"url":"https:\/\/www.mundoprimaria.com\/tienda\/wp-content\/uploads\/2017\/08\/Educar.jpg","type":"image\/jpeg"}],"twitter_misc":{"Tiempo de lectura":"2 minutos"},"schema":{"@context":"https:\/\/schema.org","@graph":[{"@type":"WebPage","@id":"https:\/\/www.mundoprimaria.com\/tienda\/producto\/tecnicas-educar","url":"https:\/\/www.mundoprimaria.com\/tienda\/producto\/tecnicas-educar","name":"T\u00e9cnicas b\u00e1sicas para educar - Tienda Mundo Primaria","isPartOf":{"@id":"https:\/\/www.mundoprimaria.com\/tienda\/#website"},"primaryImageOfPage":{"@id":"https:\/\/www.mundoprimaria.com\/tienda\/producto\/tecnicas-educar#primaryimage"},"image":{"@id":"https:\/\/www.mundoprimaria.com\/tienda\/producto\/tecnicas-educar#primaryimage"},"thumbnailUrl":"https:\/\/www.mundoprimaria.com\/tienda\/wp-content\/uploads\/2017\/08\/Educar.jpg","datePublished":"2017-08-01T01:34:02+00:00","dateModified":"2022-01-12T09:58:42+00:00","breadcrumb":{"@id":"https:\/\/www.mundoprimaria.com\/tienda\/producto\/tecnicas-educar#breadcrumb"},"inLanguage":"es","potentialAction":[{"@type":"ReadAction","target":["https:\/\/www.mundoprimaria.com\/tienda\/producto\/tecnicas-educar"]}]},{"@type":"ImageObject","inLanguage":"es","@id":"https:\/\/www.mundoprimaria.com\/tienda\/producto\/tecnicas-educar#primaryimage","url":"https:\/\/www.mundoprimaria.com\/tienda\/wp-content\/uploads\/2017\/08\/Educar.jpg","contentUrl":"https:\/\/www.mundoprimaria.com\/tienda\/wp-content\/uploads\/2017\/08\/Educar.jpg","width":460,"height":460},{"@type":"BreadcrumbList","@id":"https:\/\/www.mundoprimaria.com\/tienda\/producto\/tecnicas-educar#breadcrumb","itemListElement":[{"@type":"ListItem","position":1,"name":"Portada","item":"https:\/\/www.mundoprimaria.com\/tienda\/"},{"@type":"ListItem","position":2,"name":"Productos","item":"https:\/\/www.mundoprimaria.com\/tienda\/shop"},{"@type":"ListItem","position":3,"name":"T\u00e9cnicas b\u00e1sicas para educar"}]},{"@type":"WebSite","@id":"https:\/\/www.mundoprimaria.com\/tienda\/#website","url":"https:\/\/www.mundoprimaria.com\/tienda\/","name":"Tienda Mundo Primaria","description":"El portal para aprender jugando.","potentialAction":[{"@type":"SearchAction","target":{"@type":"EntryPoint","urlTemplate":"https:\/\/www.mundoprimaria.com\/tienda\/?s={search_term_string}"},"query-input":{"@type":"PropertyValueSpecification","valueRequired":true,"valueName":"search_term_string"}}],"inLanguage":"es"}]}},"_links":{"self":[{"href":"https:\/\/www.mundoprimaria.com\/tienda\/wp-json\/wp\/v2\/product\/64331","targetHints":{"allow":["GET"]}}],"collection":[{"href":"https:\/\/www.mundoprimaria.com\/tienda\/wp-json\/wp\/v2\/product"}],"about":[{"href":"https:\/\/www.mundoprimaria.com\/tienda\/wp-json\/wp\/v2\/types\/product"}],"replies":[{"embeddable":true,"href":"https:\/\/www.mundoprimaria.com\/tienda\/wp-json\/wp\/v2\/comments?post=64331"}],"wp:featuredmedia":[{"embeddable":true,"href":"https:\/\/www.mundoprimaria.com\/tienda\/wp-json\/wp\/v2\/media\/64519"}],"wp:attachment":[{"href":"https:\/\/www.mundoprimaria.com\/tienda\/wp-json\/wp\/v2\/media?parent=64331"}],"wp:term":[{"taxonomy":"product_cat","embeddable":true,"href":"https:\/\/www.mundoprimaria.com\/tienda\/wp-json\/wp\/v2\/product_cat?post=64331"},{"taxonomy":"product_tag","embeddable":true,"href":"https:\/\/www.mundoprimaria.com\/tienda\/wp-json\/wp\/v2\/product_tag?post=64331"}],"curies":[{"name":"wp","href":"https:\/\/api.w.org\/{rel}","templated":true}]}}