

{"id":64317,"date":"2017-07-28T18:41:00","date_gmt":"2017-07-28T16:41:00","guid":{"rendered":"http:\/\/www.mundoprimaria.com\/tienda\/?post_type=product&#038;p=64317"},"modified":"2024-03-01T09:27:36","modified_gmt":"2024-03-01T08:27:36","slug":"dislexia-disgrafia-8","status":"publish","type":"product","link":"https:\/\/www.mundoprimaria.com\/tienda\/producto\/dislexia-disgrafia-8","title":{"rendered":"Dificultades espec\u00edficas de lectoescritura: dislexia, disgraf\u00eda y dificultades habituales. Nivel 8"},"content":{"rendered":"<p><strong>Destinatarios:<\/strong><\/p>\n<p>Adultos de 18 en adelante (la edad es orientativa ya que cada persona sigue su propio<br \/>\nritmo).<\/p>\n<p><strong>Principios Pedag\u00f3gicos:<\/strong><br \/>\n\u2022 Aprendizaje Significativo.<br \/>\n\u2022 Aprendizaje L\u00fadico.<br \/>\n\u2022 Adaptado al nivel de desarrollo de los adultos.<\/p>\n<p><strong>Fundamentaci\u00f3n Pr\u00e1ctica y Te\u00f3rica:<\/strong><br \/>\n\u2022 Psicol\u00f3gica: Conocimientos del nivel de desarrollo del ni\u00f1o\/a y las habilidades que<br \/>\nseg\u00fan su maduraci\u00f3n cognitiva y neurobiol\u00f3gica puede dominar.<br \/>\n\u2022 Pedag\u00f3gica: Conocimiento de los procesos de aprendizaje y como se crean.<br \/>\n\u2022 Pr\u00e1ctica: La elaboraci\u00f3n de las fichas se basa en la experiencia de la autora<br \/>\ntrabajando con ni\u00f1os y ni\u00f1as estimulando los procesos de lectura y escritura.<br \/>\n\u2022 Neurol\u00f3gica: Conocimiento del funcionamiento de las estructuras cerebrales y el<br \/>\nvalor del entrenamiento mental para su dominio.<\/p>\n<p><strong>Objetivos:<\/strong><br \/>\n\u2022 Entrenar, estimular y reforzar las habilidades b\u00e1sicas esenciales implicadas en los<br \/>\nprocesos de lectoescritura.<br \/>\n\u2022 Desarrollar una conciencia fonol\u00f3gica que les permita asociar los diferentes sonidos<br \/>\ncon sus letras correspondientes, as\u00ed como su disposici\u00f3n en la palabra.<br \/>\n\u2022 Desarrollar la capacidad de discriminaci\u00f3n auditiva y visual. Que permita el<br \/>\nreconocimiento de las letras y la disposici\u00f3n de las mismas.<br \/>\n\u2022 Aportar una estimulaci\u00f3n a las diferentes dificultades espec\u00edficas: dislexia, disgraf\u00edas,<br \/>\netc. y superar las dificultades asociadas.<\/p>\n<p><strong>Competencias Trabajadas:<\/strong><br \/>\n\u2022 CONCIENCIA FONOLOGICA DE LAS LETRAS y S\u00cdLABAS. Aprendizaje del sonido<br \/>\nde las consonantes, asociaci\u00f3n del sonido con la letra correspondiente.<br \/>\n\u2022 DISCRIMACI\u00d3N GR\u00c1FICA Y FONOL\u00d3GICA DE LAS LETRAS. Reconocimiento de<br \/>\ncada una de las letras su s\u00edmbolo y su sonido.<br \/>\n\u2022 CONCIENCIA FONOL\u00d3GICA DE LAS LETRAS y S\u00cdLABAS. Aprendizaje del sonido<br \/>\nde las consonantes, asociaci\u00f3n del sonido con la letra correspondiente.<br \/>\n\u2022 HABILIDADES B\u00c1SICAS DE LA CONCIENCIA FONOL\u00d3GICA: Discriminaci\u00f3n y<br \/>\nreconocimiento visual y auditiva de las letras y su disposici\u00f3n y los sonidos y su<br \/>\ndisposici\u00f3n.<\/p>\n","protected":false},"excerpt":{"rendered":"<p>Este cuaderno pedag\u00f3gico ofrece actividades variadas y atractivas para los adultos, que se pueden realizar en el hogar. El objetivo son las\u00a0<strong>competencias b\u00e1sicas del proceso de Lectoescritura.<\/strong>\u00a0\u00a1\u00a1Desc\u00fabrelo ya!!<\/p>\n","protected":false},"featured_media":64468,"comment_status":"closed","ping_status":"closed","template":"","meta":{"_acf_changed":false,"_monsterinsights_skip_tracking":false,"_monsterinsights_sitenote_active":false,"_monsterinsights_sitenote_note":"","_monsterinsights_sitenote_category":0},"product_cat":[338],"product_tag":[],"class_list":{"0":"post-64317","1":"product","2":"type-product","3":"status-publish","4":"has-post-thumbnail","6":"product_cat-dislexia-y-disgrafia","7":"product_shipping_class-mensajeria","9":"first","10":"instock","11":"taxable","12":"shipping-taxable","13":"purchasable","14":"product-type-simple"},"acf":[],"yoast_head":"<!-- This site is optimized with the Yoast SEO plugin v24.2 - https:\/\/yoast.com\/wordpress\/plugins\/seo\/ -->\n<title>Dificultades espec\u00edficas de lectoescritura: dislexia, disgraf\u00eda y dificultades habituales. Nivel 8 - Tienda Mundo Primaria<\/title>\n<meta name=\"robots\" content=\"noindex, follow\" \/>\n<meta property=\"og:locale\" content=\"es_ES\" \/>\n<meta property=\"og:type\" content=\"article\" \/>\n<meta property=\"og:title\" content=\"Dificultades espec\u00edficas de lectoescritura: dislexia, disgraf\u00eda y dificultades habituales. Nivel 8 - Tienda Mundo Primaria\" \/>\n<meta property=\"og:description\" content=\"Este cuaderno pedag\u00f3gico ofrece actividades variadas y atractivas para los adultos, que se pueden realizar en el hogar. El objetivo son las\u00a0competencias b\u00e1sicas del proceso de Lectoescritura.\u00a0\u00a1\u00a1Desc\u00fabrelo ya!!\" \/>\n<meta property=\"og:url\" content=\"https:\/\/www.mundoprimaria.com\/tienda\/producto\/dislexia-disgrafia-8\" \/>\n<meta property=\"og:site_name\" content=\"Tienda Mundo Primaria\" \/>\n<meta property=\"article:modified_time\" content=\"2024-03-01T08:27:36+00:00\" \/>\n<meta property=\"og:image\" content=\"https:\/\/www.mundoprimaria.com\/tienda\/wp-content\/uploads\/2017\/07\/Dislexia-nv8.jpg\" \/>\n\t<meta property=\"og:image:width\" content=\"460\" \/>\n\t<meta property=\"og:image:height\" content=\"460\" \/>\n\t<meta property=\"og:image:type\" content=\"image\/jpeg\" \/>\n<meta name=\"twitter:label1\" content=\"Tiempo de lectura\" \/>\n\t<meta name=\"twitter:data1\" content=\"2 minutos\" \/>\n<script type=\"application\/ld+json\" class=\"yoast-schema-graph\">{\"@context\":\"https:\/\/schema.org\",\"@graph\":[{\"@type\":\"WebPage\",\"@id\":\"https:\/\/www.mundoprimaria.com\/tienda\/producto\/dislexia-disgrafia-8\",\"url\":\"https:\/\/www.mundoprimaria.com\/tienda\/producto\/dislexia-disgrafia-8\",\"name\":\"Dificultades espec\u00edficas de lectoescritura: dislexia, disgraf\u00eda y dificultades habituales. Nivel 8 - Tienda Mundo Primaria\",\"isPartOf\":{\"@id\":\"https:\/\/www.mundoprimaria.com\/tienda\/#website\"},\"primaryImageOfPage\":{\"@id\":\"https:\/\/www.mundoprimaria.com\/tienda\/producto\/dislexia-disgrafia-8#primaryimage\"},\"image\":{\"@id\":\"https:\/\/www.mundoprimaria.com\/tienda\/producto\/dislexia-disgrafia-8#primaryimage\"},\"thumbnailUrl\":\"https:\/\/www.mundoprimaria.com\/tienda\/wp-content\/uploads\/2017\/07\/Dislexia-nv8.jpg\",\"datePublished\":\"2017-07-28T16:41:00+00:00\",\"dateModified\":\"2024-03-01T08:27:36+00:00\",\"breadcrumb\":{\"@id\":\"https:\/\/www.mundoprimaria.com\/tienda\/producto\/dislexia-disgrafia-8#breadcrumb\"},\"inLanguage\":\"es\",\"potentialAction\":[{\"@type\":\"ReadAction\",\"target\":[\"https:\/\/www.mundoprimaria.com\/tienda\/producto\/dislexia-disgrafia-8\"]}]},{\"@type\":\"ImageObject\",\"inLanguage\":\"es\",\"@id\":\"https:\/\/www.mundoprimaria.com\/tienda\/producto\/dislexia-disgrafia-8#primaryimage\",\"url\":\"https:\/\/www.mundoprimaria.com\/tienda\/wp-content\/uploads\/2017\/07\/Dislexia-nv8.jpg\",\"contentUrl\":\"https:\/\/www.mundoprimaria.com\/tienda\/wp-content\/uploads\/2017\/07\/Dislexia-nv8.jpg\",\"width\":460,\"height\":460},{\"@type\":\"BreadcrumbList\",\"@id\":\"https:\/\/www.mundoprimaria.com\/tienda\/producto\/dislexia-disgrafia-8#breadcrumb\",\"itemListElement\":[{\"@type\":\"ListItem\",\"position\":1,\"name\":\"Portada\",\"item\":\"https:\/\/www.mundoprimaria.com\/tienda\/\"},{\"@type\":\"ListItem\",\"position\":2,\"name\":\"Productos\",\"item\":\"https:\/\/www.mundoprimaria.com\/tienda\/shop\"},{\"@type\":\"ListItem\",\"position\":3,\"name\":\"Dificultades espec\u00edficas de lectoescritura: dislexia, disgraf\u00eda y dificultades habituales. Nivel 8\"}]},{\"@type\":\"WebSite\",\"@id\":\"https:\/\/www.mundoprimaria.com\/tienda\/#website\",\"url\":\"https:\/\/www.mundoprimaria.com\/tienda\/\",\"name\":\"Tienda Mundo Primaria\",\"description\":\"El portal para aprender jugando.\",\"potentialAction\":[{\"@type\":\"SearchAction\",\"target\":{\"@type\":\"EntryPoint\",\"urlTemplate\":\"https:\/\/www.mundoprimaria.com\/tienda\/?s={search_term_string}\"},\"query-input\":{\"@type\":\"PropertyValueSpecification\",\"valueRequired\":true,\"valueName\":\"search_term_string\"}}],\"inLanguage\":\"es\"}]}<\/script>\n<!-- \/ Yoast SEO plugin. -->","yoast_head_json":{"title":"Dificultades espec\u00edficas de lectoescritura: dislexia, disgraf\u00eda y dificultades habituales. Nivel 8 - Tienda Mundo Primaria","robots":{"index":"noindex","follow":"follow"},"og_locale":"es_ES","og_type":"article","og_title":"Dificultades espec\u00edficas de lectoescritura: dislexia, disgraf\u00eda y dificultades habituales. Nivel 8 - Tienda Mundo Primaria","og_description":"Este cuaderno pedag\u00f3gico ofrece actividades variadas y atractivas para los adultos, que se pueden realizar en el hogar. El objetivo son las\u00a0competencias b\u00e1sicas del proceso de Lectoescritura.\u00a0\u00a1\u00a1Desc\u00fabrelo ya!!","og_url":"https:\/\/www.mundoprimaria.com\/tienda\/producto\/dislexia-disgrafia-8","og_site_name":"Tienda Mundo Primaria","article_modified_time":"2024-03-01T08:27:36+00:00","og_image":[{"width":460,"height":460,"url":"https:\/\/www.mundoprimaria.com\/tienda\/wp-content\/uploads\/2017\/07\/Dislexia-nv8.jpg","type":"image\/jpeg"}],"twitter_misc":{"Tiempo de lectura":"2 minutos"},"schema":{"@context":"https:\/\/schema.org","@graph":[{"@type":"WebPage","@id":"https:\/\/www.mundoprimaria.com\/tienda\/producto\/dislexia-disgrafia-8","url":"https:\/\/www.mundoprimaria.com\/tienda\/producto\/dislexia-disgrafia-8","name":"Dificultades espec\u00edficas de lectoescritura: dislexia, disgraf\u00eda y dificultades habituales. Nivel 8 - Tienda Mundo Primaria","isPartOf":{"@id":"https:\/\/www.mundoprimaria.com\/tienda\/#website"},"primaryImageOfPage":{"@id":"https:\/\/www.mundoprimaria.com\/tienda\/producto\/dislexia-disgrafia-8#primaryimage"},"image":{"@id":"https:\/\/www.mundoprimaria.com\/tienda\/producto\/dislexia-disgrafia-8#primaryimage"},"thumbnailUrl":"https:\/\/www.mundoprimaria.com\/tienda\/wp-content\/uploads\/2017\/07\/Dislexia-nv8.jpg","datePublished":"2017-07-28T16:41:00+00:00","dateModified":"2024-03-01T08:27:36+00:00","breadcrumb":{"@id":"https:\/\/www.mundoprimaria.com\/tienda\/producto\/dislexia-disgrafia-8#breadcrumb"},"inLanguage":"es","potentialAction":[{"@type":"ReadAction","target":["https:\/\/www.mundoprimaria.com\/tienda\/producto\/dislexia-disgrafia-8"]}]},{"@type":"ImageObject","inLanguage":"es","@id":"https:\/\/www.mundoprimaria.com\/tienda\/producto\/dislexia-disgrafia-8#primaryimage","url":"https:\/\/www.mundoprimaria.com\/tienda\/wp-content\/uploads\/2017\/07\/Dislexia-nv8.jpg","contentUrl":"https:\/\/www.mundoprimaria.com\/tienda\/wp-content\/uploads\/2017\/07\/Dislexia-nv8.jpg","width":460,"height":460},{"@type":"BreadcrumbList","@id":"https:\/\/www.mundoprimaria.com\/tienda\/producto\/dislexia-disgrafia-8#breadcrumb","itemListElement":[{"@type":"ListItem","position":1,"name":"Portada","item":"https:\/\/www.mundoprimaria.com\/tienda\/"},{"@type":"ListItem","position":2,"name":"Productos","item":"https:\/\/www.mundoprimaria.com\/tienda\/shop"},{"@type":"ListItem","position":3,"name":"Dificultades espec\u00edficas de lectoescritura: dislexia, disgraf\u00eda y dificultades habituales. Nivel 8"}]},{"@type":"WebSite","@id":"https:\/\/www.mundoprimaria.com\/tienda\/#website","url":"https:\/\/www.mundoprimaria.com\/tienda\/","name":"Tienda Mundo Primaria","description":"El portal para aprender jugando.","potentialAction":[{"@type":"SearchAction","target":{"@type":"EntryPoint","urlTemplate":"https:\/\/www.mundoprimaria.com\/tienda\/?s={search_term_string}"},"query-input":{"@type":"PropertyValueSpecification","valueRequired":true,"valueName":"search_term_string"}}],"inLanguage":"es"}]}},"_links":{"self":[{"href":"https:\/\/www.mundoprimaria.com\/tienda\/wp-json\/wp\/v2\/product\/64317","targetHints":{"allow":["GET"]}}],"collection":[{"href":"https:\/\/www.mundoprimaria.com\/tienda\/wp-json\/wp\/v2\/product"}],"about":[{"href":"https:\/\/www.mundoprimaria.com\/tienda\/wp-json\/wp\/v2\/types\/product"}],"replies":[{"embeddable":true,"href":"https:\/\/www.mundoprimaria.com\/tienda\/wp-json\/wp\/v2\/comments?post=64317"}],"wp:featuredmedia":[{"embeddable":true,"href":"https:\/\/www.mundoprimaria.com\/tienda\/wp-json\/wp\/v2\/media\/64468"}],"wp:attachment":[{"href":"https:\/\/www.mundoprimaria.com\/tienda\/wp-json\/wp\/v2\/media?parent=64317"}],"wp:term":[{"taxonomy":"product_cat","embeddable":true,"href":"https:\/\/www.mundoprimaria.com\/tienda\/wp-json\/wp\/v2\/product_cat?post=64317"},{"taxonomy":"product_tag","embeddable":true,"href":"https:\/\/www.mundoprimaria.com\/tienda\/wp-json\/wp\/v2\/product_tag?post=64317"}],"curies":[{"name":"wp","href":"https:\/\/api.w.org\/{rel}","templated":true}]}}