

{"id":64426,"date":"2017-08-03T21:07:39","date_gmt":"2017-08-03T19:07:39","guid":{"rendered":"http:\/\/www.mundoprimaria.com\/tienda\/?page_id=64426"},"modified":"2019-09-11T12:42:45","modified_gmt":"2019-09-11T10:42:45","slug":"aviso-legal","status":"publish","type":"page","link":"https:\/\/www.mundoprimaria.com\/tienda\/aviso-legal","title":{"rendered":"Aviso Legal y condiciones de uso"},"content":{"rendered":"<h3>En cumplimiento del art\u00edculo 10 de la Ley 34\/2002, de 11 de julio, de Servicios de la Sociedad de la Informaci\u00f3n y Comercio Electr\u00f3nico, a continuaci\u00f3n se exponen los datos identificativos de la empresa:<\/h3>\n<p>Nombre: mundoprimaria.com<br \/>\nDenominaci\u00f3n social:\u00a0<strong>Grupo Gesfomedia S.L.<\/strong><br \/>\nDirecci\u00f3n: Calle Ercilla n\u00ba 5 \u2013 Bajo derecha \u2013 28005 Madrid<br \/>\nTelf.\u00a091 530 53 85<br \/>\nCorreo electr\u00f3nico:\u00a0info@gesfomedia.com<\/p>\n<p><strong>DATOS DE INSCRIPCI\u00d3N EN EL REGISTRO MERCANTIL<\/strong><\/p>\n<p>CIF: B-83557801<\/p>\n<p>Grupo gesfomedia S.L., constituida en Madrid, en el a\u00f1o 2003, por Escritura P\u00fablica n\u00famero 222, ante el notario D. Agust\u00edn de Diego Isasa, del Ilustre Colegio de Madrid, inscrita en el Registro Mercantil de Madrid en el tomo 18.513, libro 0, folio 75, secci\u00f3n 8, Hoja M-321711, Inscripci\u00f3n 1<\/p>\n<h2>Protecci\u00f3n de datos<\/h2>\n<p>I. RESPONSABILIDAD DEL FICHERO<\/p>\n<p>En cumplimiento de lo dispuesto en la Ley Org\u00e1nica 15\/1999, de 13 de Diciembre, de Protecci\u00f3n de Datos de Car\u00e1cter Personal, (en adelante LOPD),\u00a0 Grupo gesfomedia S.L. .(en adelante Gesfomedia) informa al usuario que todos los datos de car\u00e1cter personal que nos proporcione a trav\u00e9s del sitio web ser\u00e1n incorporados a un fichero, creado y mantenido bajo la responsabilidad de Gesfomedia.<\/p>\n<p>II. FINALIDAD DEL TRATAMIENTO DE LOS DATOS PERSONALES<\/p>\n<p>En cumplimiento de lo establecido en el art\u00edculo 22 de la Ley 34\/2002, de 11 de julio, de servicios de la sociedad de la informaci\u00f3n y de comercio electr\u00f3nico (LSSI), GRUPO GESFOMEDIA comunica que los datos de car\u00e1cter personal ser\u00e1n utilizados con la finalidad de gestionar los servicios ofrecidos, tramitar pedidos, realizar tareas administrativas, as\u00ed como remitir informaci\u00f3n t\u00e9cnica, comercial o publicitaria por v\u00eda ordinaria o electr\u00f3nica a sus clientes o usuarios sobre productos o servicios que puedan ser de su inter\u00e9s.<\/p>\n<p>Al entregar voluntariamente sus datos o los de terceros, usted admite tener el consentimiento de dichos terceros para la cesi\u00f3n de sus datos, y CONSIENTE EXPRESAMENTE su tratamiento automatizado o no, por parte de Gesfomedia, as\u00ed como su cesi\u00f3n a otras entidades cuya conexi\u00f3n con sus datos sea necesaria o legalmente obligatoria. Asimismo, consiente expresamente el env\u00edo de publicidad con ofertas que puedan ser de su inter\u00e9s a la direcci\u00f3n de correo electr\u00f3nico proporcionado. Este consentimiento ser\u00e1 revocable mediante el ejercicio de los derechos de acceso, rectificaci\u00f3n, cancelaci\u00f3n y oposici\u00f3n que Gesfomedia le garantiza..<\/p>\n<p>III. RESPONSABILIDAD DEL USUARIO<\/p>\n<p>Gesfomedia informa de que no realiza comprobaciones sobre la veracidad de los datos personales facilitados, por lo que se atendr\u00e1, en cada caso, a los datos personales facilitados por el propio usuario quien garantiza la veracidad de los mismos.<\/p>\n<p>Los servicios ofrecidos en esta web \u00a0no est\u00e1n dirigidos a personas que no hayan alcanzado la mayor\u00eda de edad conforme a la legislaci\u00f3n espa\u00f1ola. Al utilizar cualquiera de estos servicios usted garantiza que cumple con este requisito y acepta las consecuencias que se deriven en caso de no ser as\u00ed.<\/p>\n<p>IV. DERECHOS DE ACCESO, RECTIFICACI\u00d3N, CANCELACI\u00d3N Y OPOSICI\u00d3N<\/p>\n<p>Gesfomedia asegura a los usuarios del sitio web el ejercicio de los derechos de acceso, rectificaci\u00f3n, cancelaci\u00f3n y oposici\u00f3n, en los t\u00e9rminos establecidos en la legislaci\u00f3n vigente. En particular, cualquier usuario podr\u00e1 ejercitar sus derechos de acceso, rectificaci\u00f3n, cancelaci\u00f3n u oposici\u00f3n pudiendo utilizar para ello cualquiera de los canales de comunicaci\u00f3n de Gesfomedia a trav\u00e9s de la direcci\u00f3n de correo electr\u00f3nico info@gesfomedia.com.<\/p>\n<p>V. SEGURIDAD DE LOS DATOS PERSONALES<\/p>\n<p>Gesfomedia se compromete al cumplimiento de su obligaci\u00f3n de secreto respecto de los datos de car\u00e1cter personal de los usuarios y de su deber de guardarlos, y adoptar\u00e1 las medidas de \u00edndole t\u00e9cnica y organizativas necesarias que garanticen la seguridad de los datos de car\u00e1cter personal y eviten su alteraci\u00f3n, p\u00e9rdida, tratamiento o acceso no autorizado, habida cuenta del estado de la tecnolog\u00eda, la naturaleza de los datos almacenados y los riesgos a que est\u00e1n expuestos, ya provengan de la acci\u00f3n humana o del medio f\u00edsico o natural.<\/p>\n<p><strong>Propiedad intelectual<\/strong><\/p>\n<p>El c\u00f3digo fuente, los dise\u00f1os gr\u00e1ficos, las im\u00e1genes, las fotograf\u00edas, los sonidos, las animaciones, el software, los textos, as\u00ed como la informaci\u00f3n y los contenidos que se recogen en http:\/\/www.mundoprimaria.com est\u00e1n protegidos por la legislaci\u00f3n espa\u00f1ola sobre los derechos de propiedad intelectual e industrial a favor de Grupo gesfomedia S.L. y no se permite la reproducci\u00f3n y\/o publicaci\u00f3n, total o parcial, del sitio web, ni su tratamiento inform\u00e1tico, su distribuci\u00f3n, su difusi\u00f3n, ni su modificaci\u00f3n, transformaci\u00f3n o descompilaci\u00f3n, ni dem\u00e1s derechos reconocidos legalmente a su titular, sin el permiso previo y por escrito del mismo, Grupo Gesfomedia S.L.<\/p>\n<p>El usuario, \u00fanica y exclusivamente, puede utilizar el material que aparezca en este sitio web para su uso personal y privado, quedando prohibido su uso con fines comerciales o para incurrir en actividades il\u00edcitas. Todos los derechos derivados de la propiedad intelectual est\u00e1n expresamente reservados por Grupo Gesfomedia S.L.<\/p>\n<p><strong>CONDICIONES DE COMPRA<\/strong><\/p>\n<p>Puede consultar nuestra pol\u00edtica de devoluciones en este enlace: <a href=\"https:\/\/www.mundoprimaria.com\/tienda\/politica-de-devoluciones\/\">Pol\u00edtica de devoluciones<\/a><\/p>\n<p>Puede consultar nuestra pol\u00edtica de entrega en este enlace: <a href=\"https:\/\/www.mundoprimaria.com\/tienda\/entregas\/\">Pol\u00edtica de entrega<\/a><\/p>\n<p>Puede consultar nuestros m\u00e9todos de pago en este enlace: <a href=\"https:\/\/www.mundoprimaria.com\/tienda\/formas-pago\/\">M\u00e9todos de pago<\/a><\/p>\n<p><strong>Resoluci\u00f3n de litigios en l\u00ednea (ODR)<\/strong><\/p>\n<p>Si tiene problemas con productos o servicios comprados o contratados online, puede utilizar esta plataforma para presentar una reclamaci\u00f3n que resolver\u00e1 un \u00f3rgano independiente de resoluci\u00f3n de litigios:<\/p>\n<p><a href=\"https:\/\/ec.europa.eu\/consumers\/odr\/main\/index.cfm?event=main.home.show&amp;lng=ES\">https:\/\/ec.europa.eu\/consumers\/odr\/main\/index.cfm?event=main.home.show&amp;lng=ES<\/a><\/p>\n","protected":false},"excerpt":{"rendered":"<p>En cumplimiento del art\u00edculo 10 de la Ley 34\/2002, de 11 de julio, de Servicios de la Sociedad de la Informaci\u00f3n y Comercio Electr\u00f3nico, a continuaci\u00f3n se exponen los datos identificativos de la empresa: Nombre: mundoprimaria.com Denominaci\u00f3n social:\u00a0Grupo Gesfomedia S.L. Direcci\u00f3n: Calle Ercilla n\u00ba 5 \u2013 Bajo derecha \u2013 28005 Madrid Telf.\u00a091 530 53 85 &hellip;<\/p>\n","protected":false},"author":1,"featured_media":0,"parent":0,"menu_order":0,"comment_status":"closed","ping_status":"closed","template":"","meta":{"_acf_changed":false,"_monsterinsights_skip_tracking":false,"_monsterinsights_sitenote_active":false,"_monsterinsights_sitenote_note":"","_monsterinsights_sitenote_category":0,"footnotes":""},"class_list":["post-64426","page","type-page","status-publish","hentry"],"acf":[],"yoast_head":"<!-- This site is optimized with the Yoast SEO plugin v24.2 - https:\/\/yoast.com\/wordpress\/plugins\/seo\/ -->\n<title>Aviso Legal y condiciones de uso - Tienda Mundo Primaria<\/title>\n<meta name=\"robots\" content=\"noindex, nofollow\" \/>\n<meta property=\"og:locale\" content=\"es_ES\" \/>\n<meta property=\"og:type\" content=\"article\" \/>\n<meta property=\"og:title\" content=\"Aviso Legal y condiciones de uso - Tienda Mundo Primaria\" \/>\n<meta property=\"og:description\" content=\"En cumplimiento del art\u00edculo 10 de la Ley 34\/2002, de 11 de julio, de Servicios de la Sociedad de la Informaci\u00f3n y Comercio Electr\u00f3nico, a continuaci\u00f3n se exponen los datos identificativos de la empresa: Nombre: mundoprimaria.com Denominaci\u00f3n social:\u00a0Grupo Gesfomedia S.L. Direcci\u00f3n: Calle Ercilla n\u00ba 5 \u2013 Bajo derecha \u2013 28005 Madrid Telf.\u00a091 530 53 85 &hellip;\" \/>\n<meta property=\"og:url\" content=\"https:\/\/www.mundoprimaria.com\/tienda\/aviso-legal\" \/>\n<meta property=\"og:site_name\" content=\"Tienda Mundo Primaria\" \/>\n<meta property=\"article:modified_time\" content=\"2019-09-11T10:42:45+00:00\" \/>\n<meta name=\"twitter:label1\" content=\"Tiempo de lectura\" \/>\n\t<meta name=\"twitter:data1\" content=\"5 minutos\" \/>\n<script type=\"application\/ld+json\" class=\"yoast-schema-graph\">{\"@context\":\"https:\/\/schema.org\",\"@graph\":[{\"@type\":\"WebPage\",\"@id\":\"https:\/\/www.mundoprimaria.com\/tienda\/aviso-legal\",\"url\":\"https:\/\/www.mundoprimaria.com\/tienda\/aviso-legal\",\"name\":\"Aviso Legal y condiciones de uso - Tienda Mundo Primaria\",\"isPartOf\":{\"@id\":\"https:\/\/www.mundoprimaria.com\/tienda\/#website\"},\"datePublished\":\"2017-08-03T19:07:39+00:00\",\"dateModified\":\"2019-09-11T10:42:45+00:00\",\"breadcrumb\":{\"@id\":\"https:\/\/www.mundoprimaria.com\/tienda\/aviso-legal#breadcrumb\"},\"inLanguage\":\"es\",\"potentialAction\":[{\"@type\":\"ReadAction\",\"target\":[\"https:\/\/www.mundoprimaria.com\/tienda\/aviso-legal\"]}]},{\"@type\":\"BreadcrumbList\",\"@id\":\"https:\/\/www.mundoprimaria.com\/tienda\/aviso-legal#breadcrumb\",\"itemListElement\":[{\"@type\":\"ListItem\",\"position\":1,\"name\":\"Portada\",\"item\":\"https:\/\/www.mundoprimaria.com\/tienda\/\"},{\"@type\":\"ListItem\",\"position\":2,\"name\":\"Aviso Legal y condiciones de uso\"}]},{\"@type\":\"WebSite\",\"@id\":\"https:\/\/www.mundoprimaria.com\/tienda\/#website\",\"url\":\"https:\/\/www.mundoprimaria.com\/tienda\/\",\"name\":\"Tienda Mundo Primaria\",\"description\":\"El portal para aprender jugando.\",\"potentialAction\":[{\"@type\":\"SearchAction\",\"target\":{\"@type\":\"EntryPoint\",\"urlTemplate\":\"https:\/\/www.mundoprimaria.com\/tienda\/?s={search_term_string}\"},\"query-input\":{\"@type\":\"PropertyValueSpecification\",\"valueRequired\":true,\"valueName\":\"search_term_string\"}}],\"inLanguage\":\"es\"}]}<\/script>\n<!-- \/ Yoast SEO plugin. -->","yoast_head_json":{"title":"Aviso Legal y condiciones de uso - Tienda Mundo Primaria","robots":{"index":"noindex","follow":"nofollow"},"og_locale":"es_ES","og_type":"article","og_title":"Aviso Legal y condiciones de uso - Tienda Mundo Primaria","og_description":"En cumplimiento del art\u00edculo 10 de la Ley 34\/2002, de 11 de julio, de Servicios de la Sociedad de la Informaci\u00f3n y Comercio Electr\u00f3nico, a continuaci\u00f3n se exponen los datos identificativos de la empresa: Nombre: mundoprimaria.com Denominaci\u00f3n social:\u00a0Grupo Gesfomedia S.L. Direcci\u00f3n: Calle Ercilla n\u00ba 5 \u2013 Bajo derecha \u2013 28005 Madrid Telf.\u00a091 530 53 85 &hellip;","og_url":"https:\/\/www.mundoprimaria.com\/tienda\/aviso-legal","og_site_name":"Tienda Mundo Primaria","article_modified_time":"2019-09-11T10:42:45+00:00","twitter_misc":{"Tiempo de lectura":"5 minutos"},"schema":{"@context":"https:\/\/schema.org","@graph":[{"@type":"WebPage","@id":"https:\/\/www.mundoprimaria.com\/tienda\/aviso-legal","url":"https:\/\/www.mundoprimaria.com\/tienda\/aviso-legal","name":"Aviso Legal y condiciones de uso - Tienda Mundo Primaria","isPartOf":{"@id":"https:\/\/www.mundoprimaria.com\/tienda\/#website"},"datePublished":"2017-08-03T19:07:39+00:00","dateModified":"2019-09-11T10:42:45+00:00","breadcrumb":{"@id":"https:\/\/www.mundoprimaria.com\/tienda\/aviso-legal#breadcrumb"},"inLanguage":"es","potentialAction":[{"@type":"ReadAction","target":["https:\/\/www.mundoprimaria.com\/tienda\/aviso-legal"]}]},{"@type":"BreadcrumbList","@id":"https:\/\/www.mundoprimaria.com\/tienda\/aviso-legal#breadcrumb","itemListElement":[{"@type":"ListItem","position":1,"name":"Portada","item":"https:\/\/www.mundoprimaria.com\/tienda\/"},{"@type":"ListItem","position":2,"name":"Aviso Legal y condiciones de uso"}]},{"@type":"WebSite","@id":"https:\/\/www.mundoprimaria.com\/tienda\/#website","url":"https:\/\/www.mundoprimaria.com\/tienda\/","name":"Tienda Mundo Primaria","description":"El portal para aprender jugando.","potentialAction":[{"@type":"SearchAction","target":{"@type":"EntryPoint","urlTemplate":"https:\/\/www.mundoprimaria.com\/tienda\/?s={search_term_string}"},"query-input":{"@type":"PropertyValueSpecification","valueRequired":true,"valueName":"search_term_string"}}],"inLanguage":"es"}]}},"_links":{"self":[{"href":"https:\/\/www.mundoprimaria.com\/tienda\/wp-json\/wp\/v2\/pages\/64426","targetHints":{"allow":["GET"]}}],"collection":[{"href":"https:\/\/www.mundoprimaria.com\/tienda\/wp-json\/wp\/v2\/pages"}],"about":[{"href":"https:\/\/www.mundoprimaria.com\/tienda\/wp-json\/wp\/v2\/types\/page"}],"author":[{"embeddable":true,"href":"https:\/\/www.mundoprimaria.com\/tienda\/wp-json\/wp\/v2\/users\/1"}],"replies":[{"embeddable":true,"href":"https:\/\/www.mundoprimaria.com\/tienda\/wp-json\/wp\/v2\/comments?post=64426"}],"version-history":[{"count":3,"href":"https:\/\/www.mundoprimaria.com\/tienda\/wp-json\/wp\/v2\/pages\/64426\/revisions"}],"predecessor-version":[{"id":67046,"href":"https:\/\/www.mundoprimaria.com\/tienda\/wp-json\/wp\/v2\/pages\/64426\/revisions\/67046"}],"wp:attachment":[{"href":"https:\/\/www.mundoprimaria.com\/tienda\/wp-json\/wp\/v2\/media?parent=64426"}],"curies":[{"name":"wp","href":"https:\/\/api.w.org\/{rel}","templated":true}]}}