

{"id":64358,"date":"2017-08-01T10:33:14","date_gmt":"2017-08-01T08:33:14","guid":{"rendered":"http:\/\/www.mundoprimaria.com\/tienda\/?page_id=64358"},"modified":"2021-03-04T10:23:44","modified_gmt":"2021-03-04T09:23:44","slug":"gastos-de-envio","status":"publish","type":"page","link":"https:\/\/www.mundoprimaria.com\/tienda\/gastos-de-envio","title":{"rendered":"Gastos de env\u00edo"},"content":{"rendered":"<p><strong>\u00a1GRATUITOS! <\/strong>en pedidos superiores a 50 \u20ac de compra, solo para Pen\u00ednsula.<\/p>\n<p><strong>Para Pen\u00ednsula, Baleares, Canarias:<\/strong><\/p>\n<table class=\" aligncenter\" width=\"567\">\n<thead>\n<tr>\n<td style=\"text-align: left;\" width=\"145\"><\/td>\n<td style=\"text-align: left;\" width=\"151\"><\/td>\n<td style=\"text-align: left;\" width=\"130\"><\/td>\n<td style=\"text-align: left;\" width=\"459\"><\/td>\n<\/tr>\n<\/thead>\n<tbody>\n<tr>\n<td width=\"145\"><strong>PESOS<\/strong><\/td>\n<td width=\"151\">PEN\u00cdNSULA<\/td>\n<td width=\"130\">BALEARES<\/td>\n<td width=\"459\">CANARIAS<\/td>\n<\/tr>\n<tr>\n<td width=\"145\"><strong>Hasta 1 kg<\/strong><\/td>\n<td width=\"151\">4,42 \u20ac<\/td>\n<td width=\"130\">5,75 \u20ac<\/td>\n<td width=\"459\">19,61 \u20ac<\/td>\n<\/tr>\n<tr>\n<td width=\"145\"><strong>1 a 2 kg<\/strong><\/td>\n<td width=\"151\">4,72 \u20ac<\/td>\n<td width=\"130\">6,23 \u20ac<\/td>\n<td width=\"459\">19,81 \u20ac<\/td>\n<\/tr>\n<tr>\n<td width=\"145\"><strong>2 a 3 kg<\/strong><\/td>\n<td width=\"151\">5,10\u20ac<\/td>\n<td width=\"130\">6,76 \u20ac<\/td>\n<td width=\"459\">22,48 \u20ac<\/td>\n<\/tr>\n<tr>\n<td width=\"145\"><strong>3 a 4 kg<\/strong><\/td>\n<td width=\"151\">5,42 \u20ac<\/td>\n<td width=\"130\">7,39 \u20ac<\/td>\n<td width=\"459\">22,95 \u20ac<\/td>\n<\/tr>\n<tr>\n<td width=\"145\"><strong>4 a 5 kg<\/strong><\/td>\n<td width=\"151\">5,91 \u20ac<\/td>\n<td width=\"130\">7,51 \u20ac<\/td>\n<td width=\"459\">23,86 \u20ac<\/td>\n<\/tr>\n<tr>\n<td width=\"145\"><strong>5 a 10 kg<\/strong><\/td>\n<td width=\"151\">6,73 \u20ac<\/td>\n<td width=\"130\">9,74 \u20ac<\/td>\n<td width=\"459\">32,83 \u20ac<\/td>\n<\/tr>\n<tr>\n<td width=\"145\"><strong>10 a 15 kg<\/strong><\/td>\n<td width=\"151\">8,61 \u20ac<\/td>\n<td width=\"130\">12,35 \u20ac<\/td>\n<td width=\"459\">44,82 \u20ac<\/td>\n<\/tr>\n<tr>\n<td width=\"145\"><strong>15 a 20 kg<\/strong><\/td>\n<td width=\"151\">10,80 \u20ac<\/td>\n<td width=\"130\">17,12 \u20ac<\/td>\n<td width=\"459\">52,14 \u20ac<\/td>\n<\/tr>\n<tr>\n<td width=\"145\"><\/td>\n<td width=\"151\"><\/td>\n<td width=\"130\"><\/td>\n<td width=\"459\"><\/td>\n<\/tr>\n<\/tbody>\n<\/table>\n<p style=\"text-align: left;\">Precios con IVA (excepto Canarias), para mayor peso consultar a Gesfomedia Educaci\u00f3n en el tel\u00e9fono +34915305385 o a trav\u00e9s de correo electr\u00f3nico a <strong><a href=\"mailto:info@gesfomedia.com\">tienda@gesfomedia.com<\/a><\/strong><\/p>\n<p style=\"text-align: left;\"><strong>\u00a0<\/strong><\/p>\n<p style=\"text-align: left;\"><strong>Para resto del mundo: <\/strong><\/p>\n<p style=\"text-align: left;\">Consultar a Gesfomedia Educaci\u00f3n en el tel\u00e9fono +34915305385 o a trav\u00e9s de correo electr\u00f3nico a <strong><a href=\"mailto:info@gesfomedia.com\">tienda@gesfomedia.com<\/a><\/strong><\/p>\n<p style=\"text-align: left;\">Los gastos de pedido dependen\u00a0de las caracter\u00edsticas del pedido, cantidad, peso y volumen del paquete.<\/p>\n<p style=\"text-align: left;\">En los env\u00edos realizados a Canarias, Ceuta, Melilla y a pa\u00edses no pertenecientes a la Uni\u00f3n Europea, Gesfomedia Educaci\u00f3n no asumir\u00e1 los gastos correspondientes a impuestos\/aranceles\/despachos aduaneros o cabildos.<\/p>\n<p style=\"text-align: left;\">Para que usted puede disfrutar del coste de pedido m\u00e1s econ\u00f3mico, le especificamos adem\u00e1s los gastos de transporte una vez que haya a\u00f1adido los productos a la cesta de la compra.<\/p>\n","protected":false},"excerpt":{"rendered":"<p>\u00a1GRATUITOS! en pedidos superiores a 50 \u20ac de compra, solo para Pen\u00ednsula. Para Pen\u00ednsula, Baleares, Canarias: PESOS PEN\u00cdNSULA BALEARES CANARIAS Hasta 1 kg 4,42 \u20ac 5,75 \u20ac 19,61 \u20ac 1 a 2 kg 4,72 \u20ac 6,23 \u20ac 19,81 \u20ac 2 a 3 kg 5,10\u20ac 6,76 \u20ac 22,48 \u20ac 3 a 4 kg 5,42 \u20ac 7,39 &hellip;<\/p>\n","protected":false},"author":1,"featured_media":0,"parent":0,"menu_order":0,"comment_status":"closed","ping_status":"closed","template":"","meta":{"_acf_changed":false,"_monsterinsights_skip_tracking":false,"_monsterinsights_sitenote_active":false,"_monsterinsights_sitenote_note":"","_monsterinsights_sitenote_category":0,"footnotes":""},"class_list":["post-64358","page","type-page","status-publish","hentry"],"acf":[],"yoast_head":"<!-- This site is optimized with the Yoast SEO plugin v24.2 - https:\/\/yoast.com\/wordpress\/plugins\/seo\/ -->\n<title>Gastos de env\u00edo - Tienda Mundo Primaria<\/title>\n<meta name=\"robots\" content=\"noindex, follow\" \/>\n<meta property=\"og:locale\" content=\"es_ES\" \/>\n<meta property=\"og:type\" content=\"article\" \/>\n<meta property=\"og:title\" content=\"Gastos de env\u00edo - Tienda Mundo Primaria\" \/>\n<meta property=\"og:description\" content=\"\u00a1GRATUITOS! en pedidos superiores a 50 \u20ac de compra, solo para Pen\u00ednsula. Para Pen\u00ednsula, Baleares, Canarias: PESOS PEN\u00cdNSULA BALEARES CANARIAS Hasta 1 kg 4,42 \u20ac 5,75 \u20ac 19,61 \u20ac 1 a 2 kg 4,72 \u20ac 6,23 \u20ac 19,81 \u20ac 2 a 3 kg 5,10\u20ac 6,76 \u20ac 22,48 \u20ac 3 a 4 kg 5,42 \u20ac 7,39 &hellip;\" \/>\n<meta property=\"og:url\" content=\"https:\/\/www.mundoprimaria.com\/tienda\/gastos-de-envio\" \/>\n<meta property=\"og:site_name\" content=\"Tienda Mundo Primaria\" \/>\n<meta property=\"article:modified_time\" content=\"2021-03-04T09:23:44+00:00\" \/>\n<meta name=\"twitter:label1\" content=\"Tiempo de lectura\" \/>\n\t<meta name=\"twitter:data1\" content=\"1 minuto\" \/>\n<script type=\"application\/ld+json\" class=\"yoast-schema-graph\">{\"@context\":\"https:\/\/schema.org\",\"@graph\":[{\"@type\":\"WebPage\",\"@id\":\"https:\/\/www.mundoprimaria.com\/tienda\/gastos-de-envio\",\"url\":\"https:\/\/www.mundoprimaria.com\/tienda\/gastos-de-envio\",\"name\":\"Gastos de env\u00edo - Tienda Mundo Primaria\",\"isPartOf\":{\"@id\":\"https:\/\/www.mundoprimaria.com\/tienda\/#website\"},\"datePublished\":\"2017-08-01T08:33:14+00:00\",\"dateModified\":\"2021-03-04T09:23:44+00:00\",\"breadcrumb\":{\"@id\":\"https:\/\/www.mundoprimaria.com\/tienda\/gastos-de-envio#breadcrumb\"},\"inLanguage\":\"es\",\"potentialAction\":[{\"@type\":\"ReadAction\",\"target\":[\"https:\/\/www.mundoprimaria.com\/tienda\/gastos-de-envio\"]}]},{\"@type\":\"BreadcrumbList\",\"@id\":\"https:\/\/www.mundoprimaria.com\/tienda\/gastos-de-envio#breadcrumb\",\"itemListElement\":[{\"@type\":\"ListItem\",\"position\":1,\"name\":\"Portada\",\"item\":\"https:\/\/www.mundoprimaria.com\/tienda\/\"},{\"@type\":\"ListItem\",\"position\":2,\"name\":\"Gastos de env\u00edo\"}]},{\"@type\":\"WebSite\",\"@id\":\"https:\/\/www.mundoprimaria.com\/tienda\/#website\",\"url\":\"https:\/\/www.mundoprimaria.com\/tienda\/\",\"name\":\"Tienda Mundo Primaria\",\"description\":\"El portal para aprender jugando.\",\"potentialAction\":[{\"@type\":\"SearchAction\",\"target\":{\"@type\":\"EntryPoint\",\"urlTemplate\":\"https:\/\/www.mundoprimaria.com\/tienda\/?s={search_term_string}\"},\"query-input\":{\"@type\":\"PropertyValueSpecification\",\"valueRequired\":true,\"valueName\":\"search_term_string\"}}],\"inLanguage\":\"es\"}]}<\/script>\n<!-- \/ Yoast SEO plugin. -->","yoast_head_json":{"title":"Gastos de env\u00edo - Tienda Mundo Primaria","robots":{"index":"noindex","follow":"follow"},"og_locale":"es_ES","og_type":"article","og_title":"Gastos de env\u00edo - Tienda Mundo Primaria","og_description":"\u00a1GRATUITOS! en pedidos superiores a 50 \u20ac de compra, solo para Pen\u00ednsula. Para Pen\u00ednsula, Baleares, Canarias: PESOS PEN\u00cdNSULA BALEARES CANARIAS Hasta 1 kg 4,42 \u20ac 5,75 \u20ac 19,61 \u20ac 1 a 2 kg 4,72 \u20ac 6,23 \u20ac 19,81 \u20ac 2 a 3 kg 5,10\u20ac 6,76 \u20ac 22,48 \u20ac 3 a 4 kg 5,42 \u20ac 7,39 &hellip;","og_url":"https:\/\/www.mundoprimaria.com\/tienda\/gastos-de-envio","og_site_name":"Tienda Mundo Primaria","article_modified_time":"2021-03-04T09:23:44+00:00","twitter_misc":{"Tiempo de lectura":"1 minuto"},"schema":{"@context":"https:\/\/schema.org","@graph":[{"@type":"WebPage","@id":"https:\/\/www.mundoprimaria.com\/tienda\/gastos-de-envio","url":"https:\/\/www.mundoprimaria.com\/tienda\/gastos-de-envio","name":"Gastos de env\u00edo - Tienda Mundo Primaria","isPartOf":{"@id":"https:\/\/www.mundoprimaria.com\/tienda\/#website"},"datePublished":"2017-08-01T08:33:14+00:00","dateModified":"2021-03-04T09:23:44+00:00","breadcrumb":{"@id":"https:\/\/www.mundoprimaria.com\/tienda\/gastos-de-envio#breadcrumb"},"inLanguage":"es","potentialAction":[{"@type":"ReadAction","target":["https:\/\/www.mundoprimaria.com\/tienda\/gastos-de-envio"]}]},{"@type":"BreadcrumbList","@id":"https:\/\/www.mundoprimaria.com\/tienda\/gastos-de-envio#breadcrumb","itemListElement":[{"@type":"ListItem","position":1,"name":"Portada","item":"https:\/\/www.mundoprimaria.com\/tienda\/"},{"@type":"ListItem","position":2,"name":"Gastos de env\u00edo"}]},{"@type":"WebSite","@id":"https:\/\/www.mundoprimaria.com\/tienda\/#website","url":"https:\/\/www.mundoprimaria.com\/tienda\/","name":"Tienda Mundo Primaria","description":"El portal para aprender jugando.","potentialAction":[{"@type":"SearchAction","target":{"@type":"EntryPoint","urlTemplate":"https:\/\/www.mundoprimaria.com\/tienda\/?s={search_term_string}"},"query-input":{"@type":"PropertyValueSpecification","valueRequired":true,"valueName":"search_term_string"}}],"inLanguage":"es"}]}},"_links":{"self":[{"href":"https:\/\/www.mundoprimaria.com\/tienda\/wp-json\/wp\/v2\/pages\/64358","targetHints":{"allow":["GET"]}}],"collection":[{"href":"https:\/\/www.mundoprimaria.com\/tienda\/wp-json\/wp\/v2\/pages"}],"about":[{"href":"https:\/\/www.mundoprimaria.com\/tienda\/wp-json\/wp\/v2\/types\/page"}],"author":[{"embeddable":true,"href":"https:\/\/www.mundoprimaria.com\/tienda\/wp-json\/wp\/v2\/users\/1"}],"replies":[{"embeddable":true,"href":"https:\/\/www.mundoprimaria.com\/tienda\/wp-json\/wp\/v2\/comments?post=64358"}],"version-history":[{"count":17,"href":"https:\/\/www.mundoprimaria.com\/tienda\/wp-json\/wp\/v2\/pages\/64358\/revisions"}],"predecessor-version":[{"id":68841,"href":"https:\/\/www.mundoprimaria.com\/tienda\/wp-json\/wp\/v2\/pages\/64358\/revisions\/68841"}],"wp:attachment":[{"href":"https:\/\/www.mundoprimaria.com\/tienda\/wp-json\/wp\/v2\/media?parent=64358"}],"curies":[{"name":"wp","href":"https:\/\/api.w.org\/{rel}","templated":true}]}}