

{"id":64356,"date":"2017-08-01T10:01:43","date_gmt":"2017-08-01T08:01:43","guid":{"rendered":"http:\/\/www.mundoprimaria.com\/tienda\/?page_id=64356"},"modified":"2017-08-01T10:05:10","modified_gmt":"2017-08-01T08:05:10","slug":"formas-pago","status":"publish","type":"page","link":"https:\/\/www.mundoprimaria.com\/tienda\/formas-pago","title":{"rendered":"Formas de pago"},"content":{"rendered":"<p>En la tienda de Mundo Primaria podr\u00e1s realizar tus compras a trav\u00e9s de los siguientes m\u00e9todos de Pago:<\/p>\n<p><strong>1. TARJETA DE CR\u00c9DITO .<\/strong><\/p>\n<p class=\"middle\">Gesfomedia S.L. garantiza la mayor seguridad y confidencialidad en cada una de sus compras a trav\u00e9s del certificado de seguridad SSL (Secure Socket Layer) emitido por VeriSing. Los datos de su tarjeta de cr\u00e9dito son encriptadas utilizando el protocolo de seguridad SSL y transmitidos directamente a la entidad financiera, que es la que acepta o rechaza el pago. De \u00e9sta manera, la informaci\u00f3n transmitida por la red goza de una total seguridad y Gesfomedia S.L. no retiene en ning\u00fan momento los datos confidenciales, con lo cual no puede visualizarlos ni archivarlos. Los pagos se pueden efectuar con tarjeta de cr\u00e9dito Visa, MasterCard, 4B, Tarjeta Euro 6000, American Express, Diners Club y JCB Card.<\/p>\n<p><strong>\u00a02. TRANSFERENCIA BANCARIA .<\/strong><\/p>\n<p>Recibir\u00e1 en la direcci\u00f3n de correo electr\u00f3nico que tiene asignada en su cuenta de cliente el n\u00famero de cuenta bancaria a nombre de Grupo Gesfomedia, S.L.,donde podr\u00e1 realizar la transferencia o hacer efectivo el pago, haciendo constar en la misma, el n\u00ba de Pedido y el nombre de la persona que figura como cliente. Si en un plazo de 10 d\u00edas laborables el cliente no ha realizado la transferencia el pedido ser\u00e1 cancelado.<\/p>\n<p><strong>3. PAYPAL .<\/strong><\/p>\n<p>Si tienes cuenta en Paypal, ya puedes hacer tus pagos seguros mediante este sistema a nivel mundial. Al finalizar el proceso de compra, te conectaremos con el sistema Paypal para que procedas a autorizar el pago.<\/p>\n<p><strong>4. Otros medios:<\/strong><\/p>\n<p>Si desea realizar el pago por otros medios, contacta con nosotros.<\/p>\n<p>Si tienes cualquier duda referente a la seguridad de nuestra tienda o sobre las formas de pago que ofrecemos, no dudes en ponerte en contacto con nosotros mediante nuestro formulario\u00a0<strong>o a trav\u00e9s del 915305385 .<\/strong><\/p>\n","protected":false},"excerpt":{"rendered":"<p>En la tienda de Mundo Primaria podr\u00e1s realizar tus compras a trav\u00e9s de los siguientes m\u00e9todos de Pago: 1. TARJETA DE CR\u00c9DITO . Gesfomedia S.L. garantiza la mayor seguridad y confidencialidad en cada una de sus compras a trav\u00e9s del certificado de seguridad SSL (Secure Socket Layer) emitido por VeriSing. Los datos de su tarjeta &hellip;<\/p>\n","protected":false},"author":1,"featured_media":0,"parent":0,"menu_order":0,"comment_status":"closed","ping_status":"closed","template":"","meta":{"_acf_changed":false,"_monsterinsights_skip_tracking":false,"_monsterinsights_sitenote_active":false,"_monsterinsights_sitenote_note":"","_monsterinsights_sitenote_category":0,"footnotes":""},"class_list":["post-64356","page","type-page","status-publish","hentry"],"acf":[],"yoast_head":"<!-- This site is optimized with the Yoast SEO plugin v24.2 - https:\/\/yoast.com\/wordpress\/plugins\/seo\/ -->\n<title>Formas de pago - Tienda Mundo Primaria<\/title>\n<meta name=\"robots\" content=\"noindex, nofollow\" \/>\n<meta property=\"og:locale\" content=\"es_ES\" \/>\n<meta property=\"og:type\" content=\"article\" \/>\n<meta property=\"og:title\" content=\"Formas de pago - Tienda Mundo Primaria\" \/>\n<meta property=\"og:description\" content=\"En la tienda de Mundo Primaria podr\u00e1s realizar tus compras a trav\u00e9s de los siguientes m\u00e9todos de Pago: 1. TARJETA DE CR\u00c9DITO . Gesfomedia S.L. garantiza la mayor seguridad y confidencialidad en cada una de sus compras a trav\u00e9s del certificado de seguridad SSL (Secure Socket Layer) emitido por VeriSing. Los datos de su tarjeta &hellip;\" \/>\n<meta property=\"og:url\" content=\"https:\/\/www.mundoprimaria.com\/tienda\/formas-pago\" \/>\n<meta property=\"og:site_name\" content=\"Tienda Mundo Primaria\" \/>\n<meta property=\"article:modified_time\" content=\"2017-08-01T08:05:10+00:00\" \/>\n<meta name=\"twitter:label1\" content=\"Tiempo de lectura\" \/>\n\t<meta name=\"twitter:data1\" content=\"2 minutos\" \/>\n<script type=\"application\/ld+json\" class=\"yoast-schema-graph\">{\"@context\":\"https:\/\/schema.org\",\"@graph\":[{\"@type\":\"WebPage\",\"@id\":\"https:\/\/www.mundoprimaria.com\/tienda\/formas-pago\",\"url\":\"https:\/\/www.mundoprimaria.com\/tienda\/formas-pago\",\"name\":\"Formas de pago - Tienda Mundo Primaria\",\"isPartOf\":{\"@id\":\"https:\/\/www.mundoprimaria.com\/tienda\/#website\"},\"datePublished\":\"2017-08-01T08:01:43+00:00\",\"dateModified\":\"2017-08-01T08:05:10+00:00\",\"breadcrumb\":{\"@id\":\"https:\/\/www.mundoprimaria.com\/tienda\/formas-pago#breadcrumb\"},\"inLanguage\":\"es\",\"potentialAction\":[{\"@type\":\"ReadAction\",\"target\":[\"https:\/\/www.mundoprimaria.com\/tienda\/formas-pago\"]}]},{\"@type\":\"BreadcrumbList\",\"@id\":\"https:\/\/www.mundoprimaria.com\/tienda\/formas-pago#breadcrumb\",\"itemListElement\":[{\"@type\":\"ListItem\",\"position\":1,\"name\":\"Portada\",\"item\":\"https:\/\/www.mundoprimaria.com\/tienda\/\"},{\"@type\":\"ListItem\",\"position\":2,\"name\":\"Formas de pago\"}]},{\"@type\":\"WebSite\",\"@id\":\"https:\/\/www.mundoprimaria.com\/tienda\/#website\",\"url\":\"https:\/\/www.mundoprimaria.com\/tienda\/\",\"name\":\"Tienda Mundo Primaria\",\"description\":\"El portal para aprender jugando.\",\"potentialAction\":[{\"@type\":\"SearchAction\",\"target\":{\"@type\":\"EntryPoint\",\"urlTemplate\":\"https:\/\/www.mundoprimaria.com\/tienda\/?s={search_term_string}\"},\"query-input\":{\"@type\":\"PropertyValueSpecification\",\"valueRequired\":true,\"valueName\":\"search_term_string\"}}],\"inLanguage\":\"es\"}]}<\/script>\n<!-- \/ Yoast SEO plugin. -->","yoast_head_json":{"title":"Formas de pago - Tienda Mundo Primaria","robots":{"index":"noindex","follow":"nofollow"},"og_locale":"es_ES","og_type":"article","og_title":"Formas de pago - Tienda Mundo Primaria","og_description":"En la tienda de Mundo Primaria podr\u00e1s realizar tus compras a trav\u00e9s de los siguientes m\u00e9todos de Pago: 1. TARJETA DE CR\u00c9DITO . Gesfomedia S.L. garantiza la mayor seguridad y confidencialidad en cada una de sus compras a trav\u00e9s del certificado de seguridad SSL (Secure Socket Layer) emitido por VeriSing. Los datos de su tarjeta &hellip;","og_url":"https:\/\/www.mundoprimaria.com\/tienda\/formas-pago","og_site_name":"Tienda Mundo Primaria","article_modified_time":"2017-08-01T08:05:10+00:00","twitter_misc":{"Tiempo de lectura":"2 minutos"},"schema":{"@context":"https:\/\/schema.org","@graph":[{"@type":"WebPage","@id":"https:\/\/www.mundoprimaria.com\/tienda\/formas-pago","url":"https:\/\/www.mundoprimaria.com\/tienda\/formas-pago","name":"Formas de pago - Tienda Mundo Primaria","isPartOf":{"@id":"https:\/\/www.mundoprimaria.com\/tienda\/#website"},"datePublished":"2017-08-01T08:01:43+00:00","dateModified":"2017-08-01T08:05:10+00:00","breadcrumb":{"@id":"https:\/\/www.mundoprimaria.com\/tienda\/formas-pago#breadcrumb"},"inLanguage":"es","potentialAction":[{"@type":"ReadAction","target":["https:\/\/www.mundoprimaria.com\/tienda\/formas-pago"]}]},{"@type":"BreadcrumbList","@id":"https:\/\/www.mundoprimaria.com\/tienda\/formas-pago#breadcrumb","itemListElement":[{"@type":"ListItem","position":1,"name":"Portada","item":"https:\/\/www.mundoprimaria.com\/tienda\/"},{"@type":"ListItem","position":2,"name":"Formas de pago"}]},{"@type":"WebSite","@id":"https:\/\/www.mundoprimaria.com\/tienda\/#website","url":"https:\/\/www.mundoprimaria.com\/tienda\/","name":"Tienda Mundo Primaria","description":"El portal para aprender jugando.","potentialAction":[{"@type":"SearchAction","target":{"@type":"EntryPoint","urlTemplate":"https:\/\/www.mundoprimaria.com\/tienda\/?s={search_term_string}"},"query-input":{"@type":"PropertyValueSpecification","valueRequired":true,"valueName":"search_term_string"}}],"inLanguage":"es"}]}},"_links":{"self":[{"href":"https:\/\/www.mundoprimaria.com\/tienda\/wp-json\/wp\/v2\/pages\/64356","targetHints":{"allow":["GET"]}}],"collection":[{"href":"https:\/\/www.mundoprimaria.com\/tienda\/wp-json\/wp\/v2\/pages"}],"about":[{"href":"https:\/\/www.mundoprimaria.com\/tienda\/wp-json\/wp\/v2\/types\/page"}],"author":[{"embeddable":true,"href":"https:\/\/www.mundoprimaria.com\/tienda\/wp-json\/wp\/v2\/users\/1"}],"replies":[{"embeddable":true,"href":"https:\/\/www.mundoprimaria.com\/tienda\/wp-json\/wp\/v2\/comments?post=64356"}],"version-history":[{"count":2,"href":"https:\/\/www.mundoprimaria.com\/tienda\/wp-json\/wp\/v2\/pages\/64356\/revisions"}],"predecessor-version":[{"id":65026,"href":"https:\/\/www.mundoprimaria.com\/tienda\/wp-json\/wp\/v2\/pages\/64356\/revisions\/65026"}],"wp:attachment":[{"href":"https:\/\/www.mundoprimaria.com\/tienda\/wp-json\/wp\/v2\/media?parent=64356"}],"curies":[{"name":"wp","href":"https:\/\/api.w.org\/{rel}","templated":true}]}}